000
CDUS41 KPBZ 202143
CLIMGW


CLIMATE REPORT
NATIONAL WEATHER SERVICE PITTSBURGH PA
541 PM EDT FRI APR 20 2018


...................................

...THE MORGANTOWN WV CLIMATE SUMMARY FOR APRIL 20 2018...
VALID TODAY AS OF 0500 PM LOCAL TIME.

CLIMATE NORMAL PERIOD 1981 TO 2010
CLIMATE RECORD PERIOD 1872 TO 2018


WEATHER ITEM   OBSERVED TIME   RECORD YEAR NORMAL DEPARTURE LAST
                VALUE   (LST)  VALUE       VALUE  FROM      YEAR
                                                  NORMAL
..................................................................
TEMPERATURE (F)
 TODAY
  MAXIMUM         55    359 PM  90    1976  66    -11       79
  MINIMUM         27    551 AM  21    1926  43    -16       60
  AVERAGE         41                        54    -13       70

PRECIPITATION (IN)
  TODAY            0.00          1.60 1893   0.11  -0.11     0.84
  MONTH TO DATE    5.04                      2.33   2.71     3.85
  SINCE JUN 1     43.59                     36.03   7.56    45.44
  SINCE JAN 1     17.26                     11.39   5.87    16.03

DEGREE DAYS
 HEATING
  TODAY           24                        11     13        0
  MONTH TO DATE  391                       283    108      150
  SINCE MAR 1   1253                       995    258      808
  SINCE JUL 1   4875                      4884     -9     3821

 COOLING
  TODAY            0                         1     -1        5
  MONTH TO DATE   19                         2     17       18
  SINCE MAR 1     19                         4     15       20
  SINCE JAN 1     24                         4     20       23
..................................................................


WIND (MPH)
  RESULTANT WIND SPEED   2   RESULTANT WIND DIRECTION   N (340)
  HIGHEST WIND SPEED    15   HIGHEST WIND DIRECTION     N (350)
  HIGHEST GUST SPEED    21   HIGHEST GUST DIRECTION     W (290)
  AVERAGE WIND SPEED     5.3


SKY COVER
  POSSIBLE SUNSHINE  MM
  AVERAGE SKY COVER 0.0


WEATHER CONDITIONS
 THE FOLLOWING WEATHER WAS RECORDED TODAY.
  NO SIGNIFICANT WEATHER WAS OBSERVED.


RELATIVE HUMIDITY (PERCENT)
 HIGHEST    85           600 AM
 LOWEST     26           400 PM
 AVERAGE    56

..........................................................


THE MORGANTOWN WV CLIMATE NORMALS FOR TOMORROW
                         NORMAL    RECORD    YEAR
 MAXIMUM TEMPERATURE (F)   66        88      1954
 MINIMUM TEMPERATURE (F)   43        22      1897


SUNRISE AND SUNSET
APRIL 20 2018.........SUNRISE   635 AM EDT   SUNSET   803 PM EDT
APRIL 21 2018.........SUNRISE   634 AM EDT   SUNSET   804 PM EDT


-  INDICATES NEGATIVE NUMBERS.
R  INDICATES RECORD WAS SET OR TIED.
MM INDICATES DATA IS MISSING.
T  INDICATES TRACE AMOUNT.




$$
