000
CDUS43 KTOP 250635
CLIMHK


CLIMATE REPORT
NATIONAL WEATHER SERVICE TOPEKA KS
134 AM CDT FRI MAY 25 2018


...................................

...THE MANHATTAN KS CLIMATE SUMMARY FOR MAY 24 2018...

CLIMATE NORMAL PERIOD 1981 TO 2010
CLIMATE RECORD PERIOD 9999 TO 9999


WEATHER ITEM   OBSERVED NORMAL DEPARTURE LAST
                VALUE   VALUE  FROM      YEAR
                               NORMAL
...............................................
TEMPERATURE (F)
 YESTERDAY
  MAXIMUM         92     79     13       70
  MINIMUM         66     54     12       46
  AVERAGE         79     66     13       58

PRECIPITATION (IN)
  YESTERDAY        0.00   0.18  -0.18     0.00
  MONTH TO DATE    1.70   3.29  -1.59     2.44
  SINCE MAR 1      2.32   8.29  -5.97    11.17
  SINCE JAN 1      2.90  10.01  -7.11    12.97

DEGREE DAYS
 HEATING
  YESTERDAY        0      2     -2        7
  MONTH TO DATE    3    112   -109       91
  SINCE MAR 1   1086   1133    -47      882
  SINCE JUL 1   4889   5293   -404     4166

 COOLING
  YESTERDAY       14      4     10        0
  MONTH TO DATE  179     52    127       70
  SINCE MAR 1    190     69    121      114
  SINCE JAN 1    190     69    121      114
...............................................


WIND (MPH)
  HIGHEST WIND SPEED    23   HIGHEST WIND DIRECTION     S (200)
  HIGHEST GUST SPEED    32   HIGHEST GUST DIRECTION    SW (220)
  AVERAGE WIND SPEED     7.7


SKY COVER
  AVERAGE SKY COVER 0.1


WEATHER CONDITIONS
 THE FOLLOWING WEATHER WAS RECORDED YESTERDAY.
  FOG


RELATIVE HUMIDITY (PERCENT)
 HIGHEST    93
 LOWEST     38
 AVERAGE    66

..........................................................


THE MANHATTAN KS CLIMATE NORMALS FOR TODAY
                         NORMAL
 MAXIMUM TEMPERATURE (F)   79
 MINIMUM TEMPERATURE (F)   54


SUNRISE AND SUNSET
MAY 25 2018...........SUNRISE   606 AM CDT   SUNSET   842 PM CDT
MAY 26 2018...........SUNRISE   605 AM CDT   SUNSET   842 PM CDT


-  INDICATES NEGATIVE NUMBERS.
R  INDICATES RECORD WAS SET OR TIED.
MM INDICATES DATA IS MISSING.
T  INDICATES TRACE AMOUNT.




$$
