000
CDUS46 KMFR 200827
CLIMHS


CLIMATE REPORT
NATIONAL WEATHER SERVICE MEDFORD, OR
127 AM PDT SUN MAY 20 2018


...................................

...THE MT SHASTA CITY CA CLIMATE SUMMARY FOR MAY 19 2018...

CLIMATE NORMAL PERIOD 1981 TO 2010
CLIMATE RECORD PERIOD 1908 TO 2018


WEATHER ITEM   OBSERVED TIME   RECORD YEAR NORMAL DEPARTURE LAST
                VALUE   (LST)  VALUE       VALUE  FROM      YEAR
                                                  NORMAL
..................................................................
TEMPERATURE (F)
 YESTERDAY
  MAXIMUM         78   1256 PM  89    2008  70      8       81
  MINIMUM         45    524 AM  29    2003  40      5       40
                                      1989
  AVERAGE         62                        55      7       61

PRECIPITATION (IN)
  YESTERDAY        0.21          1.05 1912   0.07   0.14     0.00
  MONTH TO DATE    1.33                      1.37  -0.04     0.17
  SINCE OCT 1     19.63                     39.76 -20.13    58.11
  SINCE JAN 1     13.80                     24.55 -10.75    36.95

SNOWFALL (IN)
  YESTERDAY       MM                         0.0   MM       MM
  MONTH TO DATE    0.0                       0.3   -0.3     MM
  SINCE JUL 1      0.0                      91.8  -91.8     MM
  SNOW DEPTH      MM

DEGREE DAYS
 HEATING
  YESTERDAY        3                        10     -7        4
  MONTH TO DATE  134                       231    -97      210
  SINCE MAR 1   1409                      1471    -62     1390
  SINCE JUL 1   5007                      5446   -439     5287

 COOLING
  YESTERDAY        0                         0      0        0
  MONTH TO DATE    0                         0      0        2
  SINCE MAR 1      0                         0      0        2
  SINCE JAN 1      0                         0      0        2
..................................................................


WIND (MPH)
  HIGHEST WIND SPEED     9   HIGHEST WIND DIRECTION    NE (60)
  HIGHEST GUST SPEED    16   HIGHEST GUST DIRECTION     N (350)
  AVERAGE WIND SPEED     1.3


SKY COVER
  POSSIBLE SUNSHINE  MM
  AVERAGE SKY COVER 0.4


WEATHER CONDITIONS
 THE FOLLOWING WEATHER WAS RECORDED YESTERDAY.
  RAIN
  LIGHT RAIN
  FOG


RELATIVE HUMIDITY (PERCENT)
 HIGHEST    96          1000 PM
 LOWEST     25           100 PM

..........................................................


THE MT SHASTA CITY CA CLIMATE NORMALS FOR TODAY
                         NORMAL    RECORD    YEAR
 MAXIMUM TEMPERATURE (F)   70        88      1963
 MINIMUM TEMPERATURE (F)   41        28      1918


SUNRISE AND SUNSET
MAY 20 2018...........SUNRISE   546 AM PDT   SUNSET   826 PM PDT
MAY 21 2018...........SUNRISE   545 AM PDT   SUNSET   827 PM PDT


-  INDICATES NEGATIVE NUMBERS.
R  INDICATES RECORD WAS SET OR TIED.
MM INDICATES DATA IS MISSING.
T  INDICATES TRACE AMOUNT.




$$
