000
CDUS45 KBYZ 190936
CLIMLS


CLIMATE REPORT
NATIONAL WEATHER SERVICE BILLINGS MT
335 AM MDT THU APR 19 2018


...................................

...THE MILES CITY MT CLIMATE SUMMARY FOR APRIL 18 2018...

CLIMATE NORMAL PERIOD 1981 TO 2010
CLIMATE RECORD PERIOD 1937 TO 2018


WEATHER ITEM   OBSERVED TIME   RECORD YEAR NORMAL DEPARTURE LAST
                VALUE   (LST)  VALUE       VALUE  FROM      YEAR
                                                  NORMAL
..................................................................
TEMPERATURE (F)
 YESTERDAY
  MAXIMUM         59    356 PM  83    1980  60     -1       65
  MINIMUM         31    536 AM  15    1953  34     -3       35
  AVERAGE         45                        47     -2       50

PRECIPITATION (IN)
  YESTERDAY        T             1.51 1993   0.04  -0.04     0.00
  MONTH TO DATE    1.72                      0.70   1.02     0.46
  SINCE OCT 1      4.32                      3.45   0.87     2.58
  SINCE JAN 1      3.13                      1.85   1.28     1.49

DEGREE DAYS
 HEATING
  YESTERDAY       20                        18      2       15
  MONTH TO DATE  557                       379    178      275
  SINCE MAR 1   1743                      1320    423     1077
  SINCE JUL 1   8009                      7054    955     6629

 COOLING
  YESTERDAY        0                         0      0        0
  MONTH TO DATE    0                         0      0        0
  SINCE MAR 1      0                         0      0        0
  SINCE JAN 1      0                         0      0        0
..................................................................


WIND (MPH)
  HIGHEST WIND SPEED    22   HIGHEST WIND DIRECTION    NW (330)
  HIGHEST GUST SPEED    28   HIGHEST GUST DIRECTION    NW (320)
  AVERAGE WIND SPEED     9.4


SKY COVER
  POSSIBLE SUNSHINE  MM
  AVERAGE SKY COVER 0.2


WEATHER CONDITIONS
 THE FOLLOWING WEATHER WAS RECORDED YESTERDAY.
  LIGHT RAIN


RELATIVE HUMIDITY (PERCENT)
 HIGHEST   100          1200 AM
 LOWEST     38           300 PM
 AVERAGE    69

..........................................................


THE MILES CITY MT CLIMATE NORMALS FOR TODAY
                         NORMAL    RECORD    YEAR
 MAXIMUM TEMPERATURE (F)   60        86      1962
 MINIMUM TEMPERATURE (F)   34        12      1951


SUNRISE AND SUNSET
APRIL 19 2018.........SUNRISE   609 AM MDT   SUNSET   757 PM MDT
APRIL 20 2018.........SUNRISE   608 AM MDT   SUNSET   758 PM MDT


-  INDICATES NEGATIVE NUMBERS.
R  INDICATES RECORD WAS SET OR TIED.
MM INDICATES DATA IS MISSING.
T  INDICATES TRACE AMOUNT.




$$
