000
CDUS44 KMOB 242235
CLIMOB


CLIMATE REPORT
NATIONAL WEATHER SERVICE MOBILE AL
534 PM CDT THU MAY 24 2018


...................................

...THE MOBILE CLIMATE SUMMARY FOR MAY 24 2018...
VALID TODAY AS OF 0500 PM LOCAL TIME.

CLIMATE NORMAL PERIOD 1981 TO 2010
CLIMATE RECORD PERIOD 1842 TO 2018


WEATHER ITEM   OBSERVED TIME   RECORD YEAR NORMAL DEPARTURE LAST
                VALUE   (LST)  VALUE       VALUE  FROM      YEAR
                                                  NORMAL
..................................................................
TEMPERATURE (F)
 TODAY
  MAXIMUM         90   1239 PM  97    2005  86      4       76
                                      1878
  MINIMUM         70    455 AM  52    1951  66      4       58
                                      1883
  AVERAGE         80                        76      4       67

PRECIPITATION (IN)
  TODAY            0.17          1.88 1976   0.17   0.00     0.00
  MONTH TO DATE    2.79                      3.92  -1.13    10.29
  SINCE MAR 1      9.57                     14.85  -5.28    19.19
  SINCE JAN 1     19.15                     25.62  -6.47    31.40

DEGREE DAYS
 COOLING
  TODAY           15                        11      4        2
  MONTH TO DATE  286                       203     83      185
  SINCE MAR 1    400                       346     54      445
  SINCE JAN 1    507                       362    145      520
..................................................................


WIND (MPH)
  HIGHEST WIND SPEED    18   HIGHEST WIND DIRECTION    SE (150)
  HIGHEST GUST SPEED    23   HIGHEST GUST DIRECTION    SE (150)
  AVERAGE WIND SPEED     3.1


SKY COVER
  POSSIBLE SUNSHINE  MM
  AVERAGE SKY COVER 0.5


WEATHER CONDITIONS
 THE FOLLOWING WEATHER WAS RECORDED TODAY.
  THUNDERSTORM
  RAIN
  LIGHT RAIN
  FOG


RELATIVE HUMIDITY (PERCENT)
 HIGHEST   100           400 AM
 LOWEST     52          1200 PM
 AVERAGE    76

..........................................................


THE MOBILE CLIMATE NORMALS FOR TOMORROW
                         NORMAL    RECORD    YEAR
 MAXIMUM TEMPERATURE (F)   86        97      1962
 MINIMUM TEMPERATURE (F)   66        53      1979


SUNRISE AND SUNSET
MAY 24 2018...........SUNRISE   553 AM CDT   SUNSET   747 PM CDT
MAY 25 2018...........SUNRISE   553 AM CDT   SUNSET   747 PM CDT


-  INDICATES NEGATIVE NUMBERS.
R  INDICATES RECORD WAS SET OR TIED.
MM INDICATES DATA IS MISSING.
T  INDICATES TRACE AMOUNT.




$$
