000
CDUS43 KBIS 240731
CLIMOT


CLIMATE REPORT
NATIONAL WEATHER SERVICE BISMARCK ND
231 AM CDT TUE APR 24 2018


...................................

...THE MINOT ND CLIMATE SUMMARY FOR APRIL 23 2018...

CLIMATE NORMAL PERIOD 1981 TO 2010
CLIMATE RECORD PERIOD 1897 TO 2018


WEATHER ITEM   OBSERVED TIME   RECORD YEAR NORMAL DEPARTURE LAST
                VALUE   (LST)  VALUE       VALUE  FROM      YEAR
                                                  NORMAL
..................................................................
TEMPERATURE (F)
 YESTERDAY
  MAXIMUM         56    224 PM  85    2012  59     -3       33
  MINIMUM         35    526 AM  13    1918  35      0       28
                                      1967
  AVERAGE         46                        47     -1       31

PRECIPITATION (IN)
  YESTERDAY        T             2.40 1903   0.05  -0.05     0.03
  MONTH TO DATE    0.01                      0.77  -0.76     0.23
  SINCE MAR 1      0.64                      1.61  -0.97     0.54
  SINCE JAN 1      0.75                      2.52  -1.77     0.68

DEGREE DAYS
 HEATING
  YESTERDAY       19                        18      1       34
  MONTH TO DATE  814                       536    278      454
  SINCE MAR 1   2051                      1675    376     1605
  SINCE JUL 1   8569                      8251    318     7541

 COOLING
  YESTERDAY        0                         0      0        0
  MONTH TO DATE    0                         0      0        0
  SINCE MAR 1      0                         0      0        0
  SINCE JAN 1      0                         0      0        0
..................................................................


WIND (MPH)
  HIGHEST WIND SPEED    22   HIGHEST WIND DIRECTION    NW (320)
  HIGHEST GUST SPEED    24   HIGHEST GUST DIRECTION    NW (320)
  AVERAGE WIND SPEED    12.1


SKY COVER
  POSSIBLE SUNSHINE  MM
  AVERAGE SKY COVER 0.4


WEATHER CONDITIONS
 THE FOLLOWING WEATHER WAS RECORDED YESTERDAY.
  LIGHT RAIN


RELATIVE HUMIDITY (PERCENT)
 HIGHEST    70          1200 AM
 LOWEST     38          1000 PM
 AVERAGE    54

..........................................................


THE MINOT ND CLIMATE NORMALS FOR TODAY
                         NORMAL    RECORD    YEAR
 MAXIMUM TEMPERATURE (F)   59        88      2012
 MINIMUM TEMPERATURE (F)   35        11      1931


SUNRISE AND SUNSET
APRIL 24 2018.........SUNRISE   638 AM CDT   SUNSET   849 PM CDT
APRIL 25 2018.........SUNRISE   637 AM CDT   SUNSET   850 PM CDT


-  INDICATES NEGATIVE NUMBERS.
R  INDICATES RECORD WAS SET OR TIED.
MM INDICATES DATA IS MISSING.
T  INDICATES TRACE AMOUNT.




$$
