000
CDUS44 KHUN 190732
CLIMSL


CLIMATE REPORT
NATIONAL WEATHER SERVICE HUNTSVILLE AL
231 AM CDT THU APR 19 2018


...................................

...THE MUSCLE SHOALS CLIMATE SUMMARY FOR APRIL 18 2018...

CLIMATE NORMAL PERIOD 1981 TO 2010
CLIMATE RECORD PERIOD 1893 TO 2018


WEATHER ITEM   OBSERVED TIME   RECORD YEAR NORMAL DEPARTURE LAST
                VALUE   (LST)  VALUE       VALUE  FROM      YEAR
                                                  NORMAL
..................................................................
TEMPERATURE (F)
 YESTERDAY
  MAXIMUM         73    206 PM  93    2006  74     -1       82
  MINIMUM         58    533 AM  33    1961  50      8       63
                                      1936
                                      1919
  AVERAGE         66                        62      4       73

PRECIPITATION (IN)
  YESTERDAY        0.00          2.41 1938   0.14  -0.14     0.01
  MONTH TO DATE    4.29                      2.61   1.68     1.69
  SINCE MAR 1      8.86                      7.37   1.49     6.69
  SINCE JAN 1     23.20                     16.64   6.56    13.93

SNOWFALL (IN)
  YESTERDAY        0.0
  MONTH TO DATE    0.0
  SINCE MAR 1      T
  SINCE JUL 1      0.6
  SNOW DEPTH       0

DEGREE DAYS
 HEATING
  YESTERDAY        0                         5     -5        0
  MONTH TO DATE  162                       119     43       42
  SINCE MAR 1    549                       497     52      362
  SINCE JUL 1   2897                      3032   -135     2042

 COOLING
  YESTERDAY        1                         2     -1        8
  MONTH TO DATE   15                        24     -9       55
  SINCE MAR 1     24                        36    -12       80
  SINCE JAN 1     52                        37     15       88
..................................................................


WIND (MPH)
  HIGHEST WIND SPEED    25   HIGHEST WIND DIRECTION    SW (240)
  HIGHEST GUST SPEED    33   HIGHEST GUST DIRECTION     W (250)
  AVERAGE WIND SPEED    13.6


SKY COVER
  POSSIBLE SUNSHINE  MM
  AVERAGE SKY COVER 0.4


WEATHER CONDITIONS
 THE FOLLOWING WEATHER WAS RECORDED YESTERDAY.
  NO SIGNIFICANT WEATHER WAS OBSERVED.


RELATIVE HUMIDITY (PERCENT)
 HIGHEST    73           800 PM
 LOWEST     42          1200 AM
 AVERAGE    58

..........................................................


THE MUSCLE SHOALS CLIMATE NORMALS FOR TODAY
                         NORMAL    RECORD    YEAR
 MAXIMUM TEMPERATURE (F)   74        91      2006
 MINIMUM TEMPERATURE (F)   50        33      1983
                                             1953
                                             1936


SUNRISE AND SUNSET
APRIL 19 2018.........SUNRISE   614 AM CDT   SUNSET   726 PM CDT
APRIL 20 2018.........SUNRISE   613 AM CDT   SUNSET   727 PM CDT


-  INDICATES NEGATIVE NUMBERS.
R  INDICATES RECORD WAS SET OR TIED.
MM INDICATES DATA IS MISSING.
T  INDICATES TRACE AMOUNT.




$$
