000
CDUS43 KMKX 232133
CLIMSN


CLIMATE REPORT
NATIONAL WEATHER SERVICE IN MILWAUKEE
433 PM CDT WED MAY 23 2018


...................................

...THE MADISON WI CLIMATE SUMMARY FOR MAY 23 2018...
VALID TODAY AS OF 0400 PM LOCAL TIME.

CLIMATE NORMAL PERIOD 1981 TO 2010
CLIMATE RECORD PERIOD 1871 TO 2018


WEATHER ITEM   OBSERVED TIME   RECORD YEAR NORMAL DEPARTURE LAST
                VALUE   (LST)  VALUE       VALUE  FROM      YEAR
                                                  NORMAL
..................................................................
TEMPERATURE (F)
 TODAY
  MAXIMUM         79    149 PM  91    1975  71      8       64
  MINIMUM         49    439 AM  28    1958  48      1       51
  AVERAGE         64                        59      5       58

PRECIPITATION (IN)
  TODAY            0.00          3.64 1966   0.12  -0.12     0.09
  MONTH TO DATE    8.69                      2.55   6.14     2.30
  SINCE MAR 1     11.57                      8.15   3.42    10.43
  SINCE JAN 1     15.75                     10.83   4.92    15.13

SNOWFALL (IN)
  TODAY            0.0           0.0    MM   0.0    0.0      0.0
  MONTH TO DATE    0.0                       0.2   -0.2      0.0
  SINCE MAR 1     16.9                       9.8    7.1      8.3
  SINCE JUL 1     44.4                      50.9   -6.5     44.0
  SNOW DEPTH       0

DEGREE DAYS
 HEATING
  TODAY            1                         7     -6        7
  MONTH TO DATE  106                       221   -115      245
  SINCE MAR 1   1916                      1742    174     1637
  SINCE JUL 1   7191                      7228    -37     6149

 COOLING
  TODAY            0                         1     -1        0
  MONTH TO DATE    9                        13     -4       15
  SINCE MAR 1      9                        17     -8       15
  SINCE JAN 1      9                        17     -8       15
..................................................................


WIND (MPH)
  HIGHEST WIND SPEED    12   HIGHEST WIND DIRECTION     S (180)
  HIGHEST GUST SPEED    18   HIGHEST GUST DIRECTION     S (190)
  AVERAGE WIND SPEED     3.5


SKY COVER
  POSSIBLE SUNSHINE  MM
  AVERAGE SKY COVER 0.8


WEATHER CONDITIONS
 THE FOLLOWING WEATHER WAS RECORDED TODAY.
  FOG
  FOG W/VISIBILITY <= 1/4 MILE


RELATIVE HUMIDITY (PERCENT)
 HIGHEST   100          1200 AM
 LOWEST     54           200 PM
 AVERAGE    77

..........................................................


THE MADISON WI CLIMATE NORMALS FOR TOMORROW
                         NORMAL    RECORD    YEAR
 MAXIMUM TEMPERATURE (F)   71        92      1950
 MINIMUM TEMPERATURE (F)   49        32      1992
                                             1925


SUNRISE AND SUNSET
MAY 23 2018...........SUNRISE   526 AM CDT   SUNSET   822 PM CDT
MAY 24 2018...........SUNRISE   526 AM CDT   SUNSET   823 PM CDT


-  INDICATES NEGATIVE NUMBERS.
R  INDICATES RECORD WAS SET OR TIED.
MM INDICATES DATA IS MISSING.
T  INDICATES TRACE AMOUNT.




$$
