000
CDUS45 KMSO 250738
CLIMSO


CLIMATE REPORT
NATIONAL WEATHER SERVICE MISSOULA, MT
137 AM MDT FRI MAY 25 2018


...................................

...THE MISSOULA MT CLIMATE SUMMARY FOR MAY 24 2018...

CLIMATE NORMAL PERIOD 1981 TO 2010
CLIMATE RECORD PERIOD 1893 TO 2018


WEATHER ITEM   OBSERVED TIME   RECORD YEAR NORMAL DEPARTURE LAST
                VALUE   (LST)  VALUE       VALUE  FROM      YEAR
                                                  NORMAL
..................................................................
TEMPERATURE (F)
 YESTERDAY
  MAXIMUM         78    457 PM  93    1934  70      8       69
  MINIMUM         52    534 AM  29    1964  42     10       47
  AVERAGE         65                        56      9       58

PRECIPITATION (IN)
  YESTERDAY        0.03          1.31 1953   0.08  -0.05     0.00
  MONTH TO DATE    1.37                      1.42  -0.05     1.33
  SINCE OCT 1     10.67                      8.12   2.55    12.63
  SINCE JAN 1      6.85                      5.19   1.66     7.97

SNOWFALL (IN)
  YESTERDAY        0.0
  MONTH TO DATE    0.0
  SINCE JAN 1     25.9
  SINCE JUL 1     53.2
  SNOW DEPTH       0

DEGREE DAYS
 HEATING
  YESTERDAY        0                         9     -9        7
  MONTH TO DATE  181                       299   -118      304
  SINCE MAR 1   1688                      1693     -5     1676
  SINCE JUL 1   7085                      7062     23     7452

 COOLING
  YESTERDAY        0                         0      0        0
  MONTH TO DATE    0                         0      0        0
  SINCE MAR 1      0                         0      0        0
  SINCE JAN 1      0                         0      0        0
..................................................................


WIND (MPH)
  HIGHEST WIND SPEED    15   HIGHEST WIND DIRECTION    NW (330)
  HIGHEST GUST SPEED    18   HIGHEST GUST DIRECTION    NW (330)
  AVERAGE WIND SPEED     3.4


SKY COVER
  POSSIBLE SUNSHINE  MM
  AVERAGE SKY COVER 0.4


WEATHER CONDITIONS
 THE FOLLOWING WEATHER WAS RECORDED YESTERDAY.
  LIGHT RAIN
  FOG


RELATIVE HUMIDITY (PERCENT)
 HIGHEST   100           300 AM
 LOWEST     36           500 PM
 AVERAGE    68

..........................................................


THE MISSOULA MT CLIMATE NORMALS FOR TODAY
                         NORMAL    RECORD    YEAR
 MAXIMUM TEMPERATURE (F)   70        94      1928
 MINIMUM TEMPERATURE (F)   42        26      1964


SUNRISE AND SUNSET
MAY 25 2018...........SUNRISE   551 AM MDT   SUNSET   917 PM MDT
MAY 26 2018...........SUNRISE   550 AM MDT   SUNSET   918 PM MDT


-  INDICATES NEGATIVE NUMBERS.
R  INDICATES RECORD WAS SET OR TIED.
MM INDICATES DATA IS MISSING.
T  INDICATES TRACE AMOUNT.




$$
