000
CDUS42 KKEY 230554
CLIMTH


CLIMATE REPORT
NATIONAL WEATHER SERVICE KEY WEST, FL
152 AM EDT WED MAY 23 2018


...................................

...THE MARATHON CLIMATE SUMMARY FOR MAY 22 2018...

CLIMATE NORMAL PERIOD 1981 TO 2010

WEATHER ITEM   OBSERVED TIME   NORMAL DEPARTURE LAST
                VALUE   (LST)  VALUE  FROM      YEAR
                                      NORMAL
......................................................
TEMPERATURE (F)
 YESTERDAY
  MAXIMUM         86   1220 PM  88     -2       90
  MINIMUM         74    420 AM  77     -3       79
  AVERAGE         80            82     -2       85

PRECIPITATION (IN)
  YESTERDAY        0.15          0.09   0.06     0.00
  MONTH TO DATE    5.67          2.27   3.40     1.19
  SINCE MAR 1     10.79          7.04   3.75     4.21
  SINCE JAN 1     11.35         10.86   0.49     5.73

SNOWFALL (IN)
  YESTERDAY        0.0
  MONTH TO DATE    0.0
  SINCE MAR 1      0.0
  SINCE JUL 1      0.0
  SNOW DEPTH       0

DEGREE DAYS
 HEATING
  YESTERDAY        0             0      0        0
  MONTH TO DATE    0             0      0        0
  SINCE MAR 1      1             6     -5        0
  SINCE JUL 1     62            81    -19        3

 COOLING
  YESTERDAY       15            17     -2       20
  MONTH TO DATE  347           341      6      375
  SINCE MAR 1   1056           995     61     1167
  SINCE JAN 1   1555          1377    178     1803
......................................................


WIND (MPH)
  HIGHEST WIND SPEED    22   HIGHEST WIND DIRECTION    SE (130)
  HIGHEST GUST SPEED    29   HIGHEST GUST DIRECTION     E (110)
  AVERAGE WIND SPEED    11.2


SKY COVER
  POSSIBLE SUNSHINE  MM
  AVERAGE SKY COVER 0.5


WEATHER CONDITIONS
 THE FOLLOWING WEATHER WAS RECORDED YESTERDAY.
  LIGHT RAIN
  FOG


RELATIVE HUMIDITY (PERCENT)
 HIGHEST    87
 LOWEST     70
 AVERAGE    79

..........................................................


THE MARATHON CLIMATE NORMALS FOR TODAY
                         NORMAL
 MAXIMUM TEMPERATURE (F)   88
 MINIMUM TEMPERATURE (F)   78


SUNRISE AND SUNSET
MAY 23 2018...........SUNRISE   637 AM EDT   SUNSET   805 PM EDT
MAY 24 2018...........SUNRISE   637 AM EDT   SUNSET   806 PM EDT


-  INDICATES NEGATIVE NUMBERS.
R  INDICATES RECORD WAS SET OR TIED.
MM INDICATES DATA IS MISSING.
T  INDICATES TRACE AMOUNT.

$$
APA
