000
CDUS45 KBOI 210932
CLIMYL


CLIMATE REPORT
NATIONAL WEATHER SERVICE BOISE ID
332 AM MDT MON MAY 21 2018


...................................

...THE MCCALL ID CLIMATE SUMMARY FOR MAY 20 2018...

CLIMATE NORMAL PERIOD 1981 TO 2010
CLIMATE RECORD PERIOD 1930 TO 2018


WEATHER ITEM   OBSERVED TIME   RECORD YEAR NORMAL DEPARTURE LAST
                VALUE   (LST)  VALUE       VALUE  FROM      YEAR
                                                  NORMAL
..................................................................
TEMPERATURE (F)
 YESTERDAY
  MAXIMUM         65    515 PM  83    1958  60      5       60
  MINIMUM         46    211 AM  23    2003  34     12       39
                                      1910
  AVERAGE         56                        47      9       50

PRECIPITATION (IN)
  YESTERDAY        0.26          0.68 1953   0.08   0.18     0.07
  MONTH TO DATE    0.87                      1.40  -0.53     1.65
  SINCE OCT 1     19.59                     15.17   4.42    27.92
  SINCE JAN 1     12.74                      8.99   3.75    19.43

DEGREE DAYS
 HEATING
  YESTERDAY        9                        18     -9       15
  MONTH TO DATE  263                       409   -146      387
  SINCE MAR 1   2104                      2369   -265     2155
  SINCE JUL 1   7947                      9044  -1097     8358

 COOLING
  YESTERDAY        0                         0      0        0
  MONTH TO DATE    0                         0      0        0
  SINCE MAR 1      0                         0      0        0
  SINCE JAN 1      0                         0      0        0
..................................................................


WIND (MPH)
  HIGHEST WIND SPEED    14   HIGHEST WIND DIRECTION     E (90)
  HIGHEST GUST SPEED    18   HIGHEST GUST DIRECTION     E (100)
  AVERAGE WIND SPEED     5.2


SKY COVER
  AVERAGE SKY COVER 0.9


WEATHER CONDITIONS
 THE FOLLOWING WEATHER WAS RECORDED YESTERDAY.
  RAIN
  LIGHT RAIN
  FOG


RELATIVE HUMIDITY (PERCENT)
 HIGHEST    93          1100 AM
 LOWEST     44           500 PM
 AVERAGE    69

..........................................................


THE MCCALL ID CLIMATE NORMALS FOR TODAY
                         NORMAL    RECORD    YEAR
 MAXIMUM TEMPERATURE (F)   60        84      1928
 MINIMUM TEMPERATURE (F)   34        20      1931


SUNRISE AND SUNSET
MAY 21 2018...........SUNRISE   609 AM MDT   SUNSET   913 PM MDT
MAY 22 2018...........SUNRISE   609 AM MDT   SUNSET   914 PM MDT


-  INDICATES NEGATIVE NUMBERS.
R  INDICATES RECORD WAS SET OR TIED.
MM INDICATES DATA IS MISSING.
T  INDICATES TRACE AMOUNT.




$$
