000
CDUS44 KLIX 242123
CLINEW


CLIMATE REPORT
NATIONAL WEATHER SERVICE NEW ORLEANS
NATIONAL WEATHER SERVICE NEW ORL
422 PM CDT TUE APR 24 2018


...................................

...THE NEW ORLEANS CLIMATE SUMMARY FOR APRIL 24 2018...
VALID TODAY AS OF 0400 PM LOCAL TIME.

CLIMATE NORMAL PERIOD 1981 TO 2010
CLIMATE RECORD PERIOD 1946 TO 2018


WEATHER ITEM   OBSERVED TIME   RECORD YEAR NORMAL DEPARTURE LAST
                VALUE   (LST)  VALUE       VALUE  FROM      YEAR
                                                  NORMAL
..................................................................
TEMPERATURE (F)
 TODAY
  MAXIMUM         80    209 PM  90    1988  80      0       77
                                      1958
  MINIMUM         58    431 AM  44    1968  62     -4       52
  AVERAGE         69                        71     -2       65

PRECIPITATION (IN)
  TODAY            0.00          2.71 1982   0.16  -0.16     0.00
  MONTH TO DATE    5.79                      3.64   2.15     2.55
  SINCE MAR 1      8.79                      8.19   0.60     5.43
  SINCE JAN 1     16.43                     18.64  -2.21    13.07

SNOWFALL (IN)
  TODAY            0.0
  MONTH TO DATE    0.0
  SINCE MAR 1      0.0
  SINCE JUL 1      T
  SNOW DEPTH       0

DEGREE DAYS
 HEATING
  TODAY            0                         0      0        0
  MONTH TO DATE   32                        32      0       10
  SINCE MAR 1    120                       168    -48       69
  SINCE JUL 1   1119                      1277   -158      630

 COOLING
  TODAY            4                         7     -3        0
  MONTH TO DATE   66                       113    -47      148
  SINCE MAR 1    174                       176     -2      287
  SINCE JAN 1    323                       213    110      407
..................................................................


WIND (MPH)
  HIGHEST WIND SPEED    15   HIGHEST WIND DIRECTION    NW (320)
  HIGHEST GUST SPEED    21   HIGHEST GUST DIRECTION    NW (320)
  AVERAGE WIND SPEED     7.3


SKY COVER
  POSSIBLE SUNSHINE  MM
  AVERAGE SKY COVER 0.3


WEATHER CONDITIONS
 THE FOLLOWING WEATHER WAS RECORDED TODAY.
  FOG
  HAZE


RELATIVE HUMIDITY (PERCENT)
 HIGHEST    97           300 AM
 LOWEST     45           300 PM
 AVERAGE    71

..........................................................


THE NEW ORLEANS CLIMATE NORMALS FOR TOMORROW
                         NORMAL    RECORD    YEAR
 MAXIMUM TEMPERATURE (F)   80        88      2006
                                             1967
 MINIMUM TEMPERATURE (F)   63        40      1968


SUNRISE AND SUNSET
APRIL 24 2018.........SUNRISE   625 AM CDT   SUNSET   734 PM CDT
APRIL 25 2018.........SUNRISE   624 AM CDT   SUNSET   735 PM CDT


-  INDICATES NEGATIVE NUMBERS.
R  INDICATES RECORD WAS SET OR TIED.
MM INDICATES DATA IS MISSING.
T  INDICATES TRACE AMOUNT.




$$
