000
CDUS41 KOKX 200623
CLINYC


CLIMATE REPORT
NATIONAL WEATHER SERVICE NEW YORK NY
222 AM EDT FRI APR 20 2018


...................................

...THE CENTRAL PARK NY CLIMATE SUMMARY FOR APRIL 19 2018...

CLIMATE NORMAL PERIOD 1981 TO 2010
CLIMATE RECORD PERIOD 1869 TO 2018


WEATHER ITEM   OBSERVED TIME   RECORD YEAR NORMAL DEPARTURE LAST
                VALUE   (LST)  VALUE       VALUE  FROM      YEAR
                                                  NORMAL
..................................................................
TEMPERATURE (F)
 YESTERDAY
  MAXIMUM         49   1201 AM  92    1976  63    -14       54
  MINIMUM         38   1159 PM  21    1875  46     -8       45
  AVERAGE         44                        54    -10       50

PRECIPITATION (IN)
  YESTERDAY        0.15          1.96 1978   0.15   0.00      T
  MONTH TO DATE    4.45                      2.96   1.49     1.96
  SINCE MAR 1      9.62                      7.32   2.30     7.21
  SINCE JAN 1     17.63                     14.06   3.57    14.52

SNOWFALL (IN)
  YESTERDAY        0.0           0.8  1983   0.1   -0.1      0.0
  MONTH TO DATE    5.5                       0.6    4.9      0.0
  SINCE OCT 1     40.9                      25.8   15.1     30.2
  SINCE JUL 1     40.9                      25.8   15.1     30.2
  SNOW DEPTH       0

DEGREE DAYS
 HEATING
  YESTERDAY       21                        11     10       15
  MONTH TO DATE  349                       268     81      181
  SINCE MAR 1   1114                       968    146      974
  SINCE JUL 1   4360                      4490   -130     3957

 COOLING
  YESTERDAY        0                         0      0        0
  MONTH TO DATE    6                         0      6       17
  SINCE MAR 1      6                         1      5       17
  SINCE JAN 1      8                         1      7       17
..................................................................


WIND (MPH)
  HIGHEST WIND SPEED    18   HIGHEST WIND DIRECTION    NW (300)
  HIGHEST GUST SPEED    29   HIGHEST GUST DIRECTION     W (290)
  AVERAGE WIND SPEED     7.6


SKY COVER
  AVERAGE SKY COVER 0.8


WEATHER CONDITIONS
 THE FOLLOWING WEATHER WAS RECORDED YESTERDAY.
  RAIN
  LIGHT RAIN
  FOG


RELATIVE HUMIDITY (PERCENT)
 HIGHEST    82           800 AM
 LOWEST     43           800 PM
 AVERAGE    63

..........................................................


THE CENTRAL PARK NY CLIMATE NORMALS FOR TODAY
                         NORMAL    RECORD    YEAR
 MAXIMUM TEMPERATURE (F)   63        90      1927
 MINIMUM TEMPERATURE (F)   46        24      1897


SUNRISE AND SUNSET
APRIL 20 2018.........SUNRISE   610 AM EDT   SUNSET   741 PM EDT
APRIL 21 2018.........SUNRISE   608 AM EDT   SUNSET   742 PM EDT


-  INDICATES NEGATIVE NUMBERS.
R  INDICATES RECORD WAS SET OR TIED.
MM INDICATES DATA IS MISSING.
T  INDICATES TRACE AMOUNT.




$$
