206
CDUS42 KCAE 250542
CLIOGB


CLIMATE REPORT
NATIONAL WEATHER SERVICE COLUMBIA SC
142 AM EDT FRI MAY 25 2018


...................................

...THE ORANGEBURG AIRPORT SC CLIMATE SUMMARY FOR MAY 24 2018...

CLIMATE NORMAL PERIOD 1981 TO 2010
CLIMATE RECORD PERIOD 9999 TO 9999


WEATHER ITEM   OBSERVED TIME   NORMAL DEPARTURE LAST
                VALUE   (LST)  VALUE  FROM      YEAR
                                      NORMAL
......................................................
TEMPERATURE (F)
 YESTERDAY
  MAXIMUM         86   1227 PM  85      1       77
  MINIMUM         69    611 AM  62      7       65
  AVERAGE         78            74      4       71

PRECIPITATION (IN)
  YESTERDAY        0.86          0.12   0.74     0.30
  MONTH TO DATE    5.80          2.18   3.62     2.51
  SINCE MAR 1     11.92          9.01   2.91     9.77
  SINCE JAN 1     14.77         16.58  -1.81    16.42

DEGREE DAYS
 HEATING
  YESTERDAY        0             0      0        0
  MONTH TO DATE    2            10     -8       12
  SINCE MAR 1    487           395     92      321
  SINCE JUL 1   2192          2327   -135     1630

 COOLING
  YESTERDAY       13             9      4        6
  MONTH TO DATE  211           150     61      185
  SINCE MAR 1    251           232     19      370
  SINCE JAN 1    308           235     73      396
......................................................


WIND (MPH)
  HIGHEST WIND SPEED    18   HIGHEST WIND DIRECTION    SE (130)
  HIGHEST GUST SPEED    26   HIGHEST GUST DIRECTION    SE (130)
  AVERAGE WIND SPEED     3.1


SKY COVER
  AVERAGE SKY COVER 0.4


WEATHER CONDITIONS
 THE FOLLOWING WEATHER WAS RECORDED YESTERDAY.
  THUNDERSTORM
  HEAVY RAIN
  RAIN
  LIGHT RAIN
  FOG


RELATIVE HUMIDITY (PERCENT)
 HIGHEST    97           200 AM
 LOWEST     61           100 PM

..........................................................


THE ORANGEBURG AIRPORT SC CLIMATE NORMALS FOR TODAY
                         NORMAL    RECORD    YEAR
 MAXIMUM TEMPERATURE (F)   85        MM        MM
 MINIMUM TEMPERATURE (F)   63        MM        MM


SUNRISE AND SUNSET
MAY 25 2018...........SUNRISE   617 AM EDT   SUNSET   824 PM EDT
MAY 26 2018...........SUNRISE   617 AM EDT   SUNSET   825 PM EDT


-  INDICATES NEGATIVE NUMBERS.
R  INDICATES RECORD WAS SET OR TIED.
MM INDICATES DATA IS MISSING.
T  INDICATES TRACE AMOUNT.




$$
