000
CDUS46 KSGX 250024
CLIOKB


CLIMATE REPORT
NATIONAL WEATHER SERVICE SAN DIEGO, CA
524 PM PDT TUE APR 24 2018


...................................

...THE OCEANSIDE AIRPORT CA CLIMATE SUMMARY FOR APRIL 24 2018...
VALID TODAY AS OF 0500 PM LOCAL TIME.

CLIMATE NORMAL PERIOD 1981 TO 2010
CLIMATE RECORD PERIOD 1999 TO 2018


WEATHER ITEM   OBSERVED TIME   RECORD YEAR NORMAL DEPARTURE LAST
                VALUE   (LST)  VALUE       VALUE  FROM      YEAR
                                                  NORMAL
..................................................................
TEMPERATURE (F)
 TODAY
  MAXIMUM         67   1154 AM  80    2001  69     -2       72
  MINIMUM         55    508 AM  43    2006  50      5       62
  AVERAGE         61                        60      1       67

PRECIPITATION (IN)
  TODAY            0.00          0.17 2002   0.03  -0.03     0.00
  MONTH TO DATE    0.06                      0.82  -0.76     0.02
  SINCE OCT 1      4.74                     12.63  -7.89    13.65
  SINCE JAN 1      4.70                      8.75  -4.05     8.50

DEGREE DAYS
 HEATING
  TODAY            4                         6     -2        0
  MONTH TO DATE  133                       165    -32       99
  SINCE MAR 1    413                       455    -42      312
  SINCE JUL 1   1379                      1863   -484     1327

 COOLING
  TODAY            0                         0      0        2
  MONTH TO DATE    2                         0      2        3
  SINCE MAR 1      2                         1      1        3
  SINCE JAN 1      5                         1      4        3
..................................................................


WIND (MPH)
  RESULTANT WIND SPEED   3   RESULTANT WIND DIRECTION   W (280)
  HIGHEST WIND SPEED    14   HIGHEST WIND DIRECTION    SW (240)
  HIGHEST GUST SPEED    19   HIGHEST GUST DIRECTION     W (260)
  AVERAGE WIND SPEED     5.5


SKY COVER
  POSSIBLE SUNSHINE  MM
  AVERAGE SKY COVER 0.6


WEATHER CONDITIONS
 THE FOLLOWING WEATHER WAS RECORDED TODAY.
  FOG
  HAZE


RELATIVE HUMIDITY (PERCENT)
 HIGHEST    93           200 AM
 LOWEST     63          1200 PM
 AVERAGE    78

..........................................................


THE OCEANSIDE AIRPORT CA CLIMATE NORMALS FOR TOMORROW
                         NORMAL    RECORD    YEAR
 MAXIMUM TEMPERATURE (F)   69        84      2008
 MINIMUM TEMPERATURE (F)   51        43      2006


SUNRISE AND SUNSET
APRIL 24 2018.........SUNRISE   609 AM PDT   SUNSET   727 PM PDT
APRIL 25 2018.........SUNRISE   608 AM PDT   SUNSET   727 PM PDT


-  INDICATES NEGATIVE NUMBERS.
R  INDICATES RECORD WAS SET OR TIED.
MM INDICATES DATA IS MISSING.
T  INDICATES TRACE AMOUNT.




$$
