000
CDUS43 KOAX 202137
CLIOMA


CLIMATE REPORT
NATIONAL WEATHER SERVICE OMAHA NEBRASKA
436 PM CDT FRI APR 20 2018


...................................

...THE OMAHA EPPLEY, NEBRASKA CLIMATE SUMMARY FOR APRIL 20 2018...
VALID TODAY AS OF 0400 PM LOCAL TIME.

CLIMATE NORMAL PERIOD 1981 TO 2010
CLIMATE RECORD PERIOD 1871 TO 2018


WEATHER ITEM   OBSERVED TIME   RECORD YEAR NORMAL DEPARTURE LAST
                VALUE   (LST)  VALUE       VALUE  FROM      YEAR
                                                  NORMAL
..................................................................
TEMPERATURE (F)
 TODAY
  MAXIMUM         63    218 PM  92    1902  65     -2       62
  MINIMUM         35    600 AM  23    2013  42     -7       45
  AVERAGE         49                        54     -5       54

PRECIPITATION (IN)
  TODAY            0.00          2.09 1905   0.10  -0.10     0.01
  MONTH TO DATE    0.10                      1.79  -1.69     0.93
  SINCE MAR 1      2.92                      3.78  -0.86     3.32
  SINCE JAN 1      4.66                      5.35  -0.69     5.22

SNOWFALL (IN)
  TODAY            0.0                       0.0    0.0      0.0
  MONTH TO DATE    1.5                       0.8    0.7      0.0
  SINCE JUL 1     17.0                      26.2   -9.2     11.4
  SNOW DEPTH       0

DEGREE DAYS
 HEATING
  TODAY           16                        12      4       11
  MONTH TO DATE  526                       310    216      165
  SINCE MAR 1   1282                      1101    181      828
  SINCE JUL 1   5929                      5899     30     4655

 COOLING
  TODAY            0                         1     -1        0
  MONTH TO DATE    0                         4     -4        8
  SINCE MAR 1      0                         5     -5        8
  SINCE JAN 1      0                         5     -5        8
..................................................................


WIND (MPH)
  HIGHEST WIND SPEED    21   HIGHEST WIND DIRECTION    SE (150)
  HIGHEST GUST SPEED    29   HIGHEST GUST DIRECTION    SE (140)
  AVERAGE WIND SPEED     8.8


SKY COVER
  POSSIBLE SUNSHINE  MM
  AVERAGE SKY COVER 0.7


WEATHER CONDITIONS
 THE FOLLOWING WEATHER WAS RECORDED TODAY.
  NO SIGNIFICANT WEATHER WAS OBSERVED.


RELATIVE HUMIDITY (PERCENT)
 HIGHEST    70           600 AM
 LOWEST     25           300 PM
 AVERAGE    48

..........................................................


THE OMAHA EPPLEY, NEBRASKA CLIMATE NORMALS FOR TOMORROW
                         NORMAL    RECORD    YEAR
 MAXIMUM TEMPERATURE (F)   66        90      1980
 MINIMUM TEMPERATURE (F)   42        26      1966


SUNRISE AND SUNSET
APRIL 20 2018.........SUNRISE   636 AM CDT   SUNSET   809 PM CDT
APRIL 21 2018.........SUNRISE   635 AM CDT   SUNSET   810 PM CDT


-  INDICATES NEGATIVE NUMBERS.
R  INDICATES RECORD WAS SET OR TIED.
MM INDICATES DATA IS MISSING.
T  INDICATES TRACE AMOUNT.




$$
