428
CDAK49 PAFG 240042
CLIOME

CLIMATE REPORT
NATIONAL WEATHER SERVICE FAIRBANKS AK
442 PM AKDT MON APR 23 2018


...................................

...THE NOME AK CLIMATE SUMMARY FOR APRIL 23 2018...
VALID TODAY AS OF 0400 PM LOCAL TIME.

CLIMATE NORMAL PERIOD 1981 TO 2010
CLIMATE RECORD PERIOD 1906 TO 2018


WEATHER ITEM   OBSERVED TIME   RECORD YEAR NORMAL DEPARTURE LAST
                VALUE   (LST)  VALUE       VALUE  FROM      YEAR
                                                  NORMAL
..................................................................
TEMPERATURE (F)
 TODAY
  MAXIMUM         35   1255 PM  57    1940  31      4       42
  MINIMUM         30    436 AM -20    1976  18     12       32
  AVERAGE         33                        25      8       37

PRECIPITATION (IN)
  TODAY           MM             0.31 1931   0.02  MM        0.00
                                      1925
  MONTH TO DATE    0.16                      0.56  -0.40     0.11
  SINCE MAR 1      2.64                      1.21   1.43     0.12
  SINCE JAN 1      4.56                      3.08   1.48     1.87

SNOWFALL (IN)
  TODAY           MM             3.1  1931   0.2   MM        0.0
  MONTH TO DATE    0.4                       6.1   -5.7      1.1
  SINCE MAR 1     34.4                      15.0   19.4      2.0
  SINCE JUL 1    107.7                      71.7   36.0     54.2
  SNOW DEPTH      22

DEGREE DAYS
 HEATING
  TODAY           32                        40     -8       28
  MONTH TO DATE  904                      1070   -166      843
  SINCE MAR 1   2387                      2766   -379     2831
  SINCE JUL 1  10568                     12045  -1477    11626

 COOLING
  TODAY            0                         0      0        0
  MONTH TO DATE    0                         0      0        0
  SINCE MAR 1      0                         0      0        0
  SINCE JAN 1      0                         0      0        0
..................................................................


WIND (MPH)
  HIGHEST GUST SPEED    27   HIGHEST GUST DIRECTION    NE (50)


SKY COVER
  AVERAGE SKY COVER 0.6


WEATHER CONDITIONS
 THE FOLLOWING WEATHER WAS RECORDED TODAY.
  NO SIGNIFICANT WEATHER WAS OBSERVED.


RELATIVE HUMIDITY (PERCENT)
 HIGHEST    75
 LOWEST     59
 AVERAGE    67

..........................................................


THE NOME AK CLIMATE NORMALS FOR TOMORROW
                         NORMAL    RECORD    YEAR
 MAXIMUM TEMPERATURE (F)   32        48      2017
 MINIMUM TEMPERATURE (F)   19       -10      1966
                                             1924


SUNRISE AND SUNSET
APRIL 23 2018.........SUNRISE   659 AM AKDT  SUNSET  1104 PM AKDT
APRIL 24 2018.........SUNRISE   655 AM AKDT  SUNSET  1107 PM AKDT

-  INDICATES NEGATIVE NUMBERS.
R  INDICATES RECORD WAS SET OR TIED.
MM INDICATES DATA IS MISSING.
T  INDICATES TRACE AMOUNT.

&&

SNOW DEPTH IS MEASURED AT 3AM AKST/4AM AKDT.

----------------------------
AVAILABLE DAYLIGHT

AMOUNT OF DAYLIGHT TODAY  (HOUR:MIN)........16:05
GAIN/LOSS SINCE YESTERDAY (HOUR:MIN:SEC)....+0:06:48

NOME TIDAL INFORMATION FOR 24 APRIL 2018
0523  -0.3
1230  +1.1
1750  +0.5
2323  +0.9

$$
THR APR 18
