000
CDUS45 KBOI 260931
CLIONO


CLIMATE REPORT
NATIONAL WEATHER SERVICE BOISE ID
331 AM MDT THU APR 26 2018


...................................

...THE ONTARIO OR CLIMATE SUMMARY FOR APRIL 25 2018...

CLIMATE NORMAL PERIOD 1981 TO 2010
CLIMATE RECORD PERIOD 1948 TO 2018


WEATHER ITEM   OBSERVED TIME   RECORD YEAR NORMAL DEPARTURE LAST
                VALUE   (LST)  VALUE       VALUE  FROM      YEAR
                                                  NORMAL
..................................................................
TEMPERATURE (F)
 YESTERDAY
  MAXIMUM         79    447 PM  93    1977  68     11       62
  MINIMUM         36    558 AM  27    2002  38     -2       39
  AVERAGE         58                        53      5       51

PRECIPITATION (IN)
  YESTERDAY        0.00          0.43 1975   0.03  -0.03     0.01
  MONTH TO DATE    0.55                      0.66  -0.11     0.97
  SINCE OCT 1      5.55                      7.06  -1.51    10.73
  SINCE JAN 1      2.84                      3.65  -0.81     7.41

DEGREE DAYS
 HEATING
  YESTERDAY        7                        12     -5       14
  MONTH TO DATE  326                       383    -57      362
  SINCE MAR 1    939                      1053   -114      914
  SINCE JUL 1   5116                      5683   -567     5788

 COOLING
  YESTERDAY        0                         0      0        0
  MONTH TO DATE    0                         0      0        0
  SINCE MAR 1      0                         0      0        0
  SINCE JAN 1      0                         0      0        0
..................................................................


WIND (MPH)
  HIGHEST WIND SPEED    10   HIGHEST WIND DIRECTION    SE (130)
  HIGHEST GUST SPEED    13   HIGHEST GUST DIRECTION    SE (140)
  AVERAGE WIND SPEED     2.9


SKY COVER
  AVERAGE SKY COVER 0.0


WEATHER CONDITIONS
 THE FOLLOWING WEATHER WAS RECORDED YESTERDAY.
  NO SIGNIFICANT WEATHER WAS OBSERVED.


RELATIVE HUMIDITY (PERCENT)
 HIGHEST    82           600 AM
 LOWEST     19           500 PM
 AVERAGE    51

..........................................................


THE ONTARIO OR CLIMATE NORMALS FOR TODAY
                         NORMAL    RECORD    YEAR
 MAXIMUM TEMPERATURE (F)   68        88      1987
 MINIMUM TEMPERATURE (F)   38        27      2008
                                             1969


SUNRISE AND SUNSET
APRIL 26 2018.........SUNRISE   647 AM MDT   SUNSET   845 PM MDT
APRIL 27 2018.........SUNRISE   645 AM MDT   SUNSET   847 PM MDT


-  INDICATES NEGATIVE NUMBERS.
R  INDICATES RECORD WAS SET OR TIED.
MM INDICATES DATA IS MISSING.
T  INDICATES TRACE AMOUNT.




$$
