000
CDUS43 KDDC 262326
CLIP28


CLIMATE REPORT
NATIONAL WEATHER SERVICE DODGE CITY KS
625 PM CDT THU APR 26 2018


...................................

...THE MEDICINE LODGE KS CLIMATE SUMMARY FOR APRIL 26 2018...
VALID TODAY AS OF 0500 PM LOCAL TIME.

CLIMATE NORMAL PERIOD 1981 TO 2010
CLIMATE RECORD PERIOD 1893 TO 2018


WEATHER ITEM   OBSERVED TIME   RECORD YEAR NORMAL DEPARTURE LAST
                VALUE   (LST)  VALUE       VALUE  FROM      YEAR
                                                  NORMAL
..................................................................
TEMPERATURE (F)
 TODAY
  MAXIMUM         69    336 PM  97    1899  72     -3       60
                                      1956
  MINIMUM         33    622 AM  26    1907  48    -15       39
  AVERAGE         51                        60     -9       50

PRECIPITATION (IN)
  TODAY            0.00          3.15 1969   0.10  -0.10     0.01
  MONTH TO DATE    1.39                      2.03  -0.64     2.36
  SINCE MAR 1      2.41                      4.29  -1.88     4.59
  SINCE JAN 1      2.79                      6.04  -3.25     8.51

DEGREE DAYS
 HEATING
  TODAY           14                         6      8       15
  MONTH TO DATE  427                       266    161      190
  SINCE MAR 1    918                       834     84      634
  SINCE JUL 1   4297                      4363    -66     3635

 COOLING
  TODAY            0                         1     -1        0
  MONTH TO DATE   17                        18     -1       28
  SINCE MAR 1     17                        20     -3       40
  SINCE JAN 1     17                        20     -3       40
..................................................................


WIND (MPH)
  HIGHEST WIND SPEED    13   HIGHEST WIND DIRECTION     N (20)
  HIGHEST GUST SPEED    17   HIGHEST GUST DIRECTION     N (20)
  AVERAGE WIND SPEED     4.0




RELATIVE HUMIDITY (PERCENT)
 HIGHEST   100           100 AM
 LOWEST     42           300 PM
 AVERAGE    71

..........................................................


THE MEDICINE LODGE KS CLIMATE NORMALS FOR TOMORROW
                         NORMAL    RECORD    YEAR
 MAXIMUM TEMPERATURE (F)   72        99      1956
 MINIMUM TEMPERATURE (F)   48        30      1967


SUNRISE AND SUNSET
APRIL 26 2018.........SUNRISE   645 AM CDT   SUNSET   819 PM CDT
APRIL 27 2018.........SUNRISE   644 AM CDT   SUNSET   820 PM CDT


-  INDICATES NEGATIVE NUMBERS.
R  INDICATES RECORD WAS SET OR TIED.
MM INDICATES DATA IS MISSING.
T  INDICATES TRACE AMOUNT.




$$
