000
CDUS44 KLZK 192114
CLIPBF


CLIMATE REPORT
NATIONAL WEATHER SERVICE LITTLE ROCK AR
412 PM CDT THU APR 19 2018


...................................

...THE PINE BLUFF CLIMATE SUMMARY FOR APRIL 19 2018...
VALID TODAY AS OF 0400 PM LOCAL TIME.

CLIMATE NORMAL PERIOD 1981 TO 2010
CLIMATE RECORD PERIOD 1883 TO 2018


WEATHER ITEM   OBSERVED TIME   RECORD YEAR NORMAL DEPARTURE LAST
                VALUE   (LST)  VALUE       VALUE  FROM      YEAR
                                                  NORMAL
..................................................................
TEMPERATURE (F)
 TODAY
  MAXIMUM         62   1204 AM  94    1986  75    -13       83
  MINIMUM         47    608 AM  32    1893  53     -6       63
  AVERAGE         55                        64     -9       73

PRECIPITATION (IN)
  TODAY            0.00          3.90 1918   0.17  -0.17     0.00
  MONTH TO DATE    6.19                      3.11   3.08     3.28
  SINCE MAR 1     11.87                      8.51   3.36     6.38
  SINCE JAN 1     29.69                     16.33  13.36    12.68

SNOWFALL (IN)
  TODAY            0.0          MM      MM   0.0    0.0      0.0
  MONTH TO DATE    T                         0.0    0.0      0.0
  SINCE MAR 1      T                         0.0    0.0      0.0
  SINCE JUL 1      4.1                       3.1    1.0      1.5
  SNOW DEPTH       0

DEGREE DAYS
 HEATING
  TODAY           10                         3      7        0
  MONTH TO DATE  192                       102     90       30
  SINCE MAR 1    452                       449      3      277
  SINCE JUL 1   2866                      2837     29     1988

 COOLING
  TODAY            0                         2     -2        8
  MONTH TO DATE   13                        32    -19       64
  SINCE MAR 1     36                        49    -13      100
  SINCE JAN 1     52                        52      0      121
..................................................................


WIND (MPH)
  HIGHEST WIND SPEED    21   HIGHEST WIND DIRECTION     N (360)
  HIGHEST GUST SPEED    30   HIGHEST GUST DIRECTION     N (350)
  AVERAGE WIND SPEED    15.2


SKY COVER
  POSSIBLE SUNSHINE  MM
  AVERAGE SKY COVER 0.0


WEATHER CONDITIONS
 THE FOLLOWING WEATHER WAS RECORDED TODAY.
  NO SIGNIFICANT WEATHER WAS OBSERVED.


RELATIVE HUMIDITY (PERCENT)
 HIGHEST    58           600 AM
 LOWEST     36          1200 AM
 AVERAGE    47

..........................................................


THE PINE BLUFF CLIMATE NORMALS FOR TOMORROW
                         NORMAL    RECORD    YEAR
 MAXIMUM TEMPERATURE (F)   75        94      1986
 MINIMUM TEMPERATURE (F)   53        36      1910


SUNRISE AND SUNSET
APRIL 19 2018.........SUNRISE   632 AM CDT   SUNSET   742 PM CDT
APRIL 20 2018.........SUNRISE   630 AM CDT   SUNSET   743 PM CDT


-  INDICATES NEGATIVE NUMBERS.
R  INDICATES RECORD WAS SET OR TIED.
MM INDICATES DATA IS MISSING.
T  INDICATES TRACE AMOUNT.




$$
