000
CDUS43 KUNR 250832
CLIPHP


CLIMATE REPORT
NATIONAL WEATHER SERVICE RAPID CITY SD
231 AM MDT WED APR 25 2018


...................................

...THE PHILIP SD CLIMATE SUMMARY FOR APRIL 24 2018...

CLIMATE NORMAL PERIOD 1981 TO 2010
CLIMATE RECORD PERIOD 9999 TO 9999


WEATHER ITEM   OBSERVED TIME   NORMAL DEPARTURE LAST
                VALUE   (LST)  VALUE  FROM      YEAR
                                      NORMAL
......................................................
TEMPERATURE (F)
 YESTERDAY
  MAXIMUM         48    543 PM  64    -16       60
  MINIMUM         28   1121 PM  35     -7       37
  AVERAGE         38            49    -11       49

PRECIPITATION (IN)
  YESTERDAY        T             0.08  -0.08     0.00
  MONTH TO DATE    0.91          1.31  -0.40     1.50
  SINCE MAR 1      2.63          2.58   0.05     2.30
  SINCE JAN 1      4.06          3.36   0.70     3.37

DEGREE DAYS
 HEATING
  YESTERDAY       27            16     11       16
  MONTH TO DATE  698           476    222      364
  SINCE MAR 1   1717          1414    303     1177
  SINCE JUL 1   7257          6779    478     6237

 COOLING
  YESTERDAY        0             0      0        0
  MONTH TO DATE    0             0      0        0
  SINCE MAR 1      0             0      0        0
  SINCE JAN 1      0             0      0        0
......................................................


WIND (MPH)
  HIGHEST WIND SPEED    35   HIGHEST WIND DIRECTION     N (350)
  HIGHEST GUST SPEED    42   HIGHEST GUST DIRECTION    NW (320)
  AVERAGE WIND SPEED    15.2


SKY COVER
  AVERAGE SKY COVER 0.7


WEATHER CONDITIONS
 THE FOLLOWING WEATHER WAS RECORDED YESTERDAY.
  LIGHT RAIN
  FOG


RELATIVE HUMIDITY (PERCENT)
 HIGHEST   100          1200 AM
 LOWEST     60           600 PM
 AVERAGE    80

..........................................................




SUNRISE AND SUNSET
APRIL 25 2018.........SUNRISE   547 AM MDT   SUNSET   743 PM MDT
APRIL 26 2018.........SUNRISE   545 AM MDT   SUNSET   744 PM MDT


-  INDICATES NEGATIVE NUMBERS.
R  INDICATES RECORD WAS SET OR TIED.
MM INDICATES DATA IS MISSING.
T  INDICATES TRACE AMOUNT.




$$
