000
CDUS43 KILX 232139
CLIPIA


CLIMATE REPORT
NATIONAL WEATHER SERVICE LINCOLN IL
439 PM CDT WED MAY 23 2018


...................................

...THE PEORIA IL CLIMATE SUMMARY FOR MAY 23 2018...
VALID TODAY AS OF 0400 PM LOCAL TIME.

CLIMATE NORMAL PERIOD 1981 TO 2010
CLIMATE RECORD PERIOD 1883 TO 2018


WEATHER ITEM   OBSERVED TIME   RECORD YEAR NORMAL DEPARTURE LAST
                VALUE   (LST)  VALUE       VALUE  FROM      YEAR
                                                  NORMAL
..................................................................
TEMPERATURE (F)
 TODAY
  MAXIMUM         84    219 PM  92    1975  75      9       62
                                      1921
  MINIMUM         59    422 AM  35    1963  54      5       54
                                      1917
  AVERAGE         72                        64      8       58

PRECIPITATION (IN)
  TODAY            0.00          1.41 2008   0.14  -0.14     0.60
  MONTH TO DATE    2.14                      3.27  -1.13     2.76
  SINCE MAR 1      7.59                      9.70  -2.11    14.97
  SINCE JAN 1     14.01                     13.27   0.74    17.63

SNOWFALL (IN)
  TODAY            0.0           0.0    MM   0.0    0.0      0.0
  MONTH TO DATE    0.0                       0.0    0.0      0.0
  SINCE MAR 1     11.8                       3.3    8.5      4.2
  SINCE JUL 1     32.1                      24.6    7.5     13.9
  SNOW DEPTH      MM

DEGREE DAYS
 HEATING
  TODAY            0                         3     -3        7
  MONTH TO DATE    7                       127   -120      140
  SINCE MAR 1   1409                      1276    133     1084
  SINCE JUL 1   5769                      5792    -23     4691

 COOLING
  TODAY            7                         3      4        0
  MONTH TO DATE  108                        39     69       50
  SINCE MAR 1    110                        53     57       68
  SINCE JAN 1    110                        53     57       68
..................................................................


WIND (MPH)
  HIGHEST WIND SPEED     9   HIGHEST WIND DIRECTION    NE (50)
  HIGHEST GUST SPEED    13   HIGHEST GUST DIRECTION    NE (40)
  AVERAGE WIND SPEED     3.9


SKY COVER
  POSSIBLE SUNSHINE  MM
  AVERAGE SKY COVER 0.0


WEATHER CONDITIONS
 THE FOLLOWING WEATHER WAS RECORDED TODAY.
  FOG


RELATIVE HUMIDITY (PERCENT)
 HIGHEST    93          1200 AM
 LOWEST     47           200 PM
 AVERAGE    70

..........................................................


THE PEORIA IL CLIMATE NORMALS FOR TOMORROW
                         NORMAL    RECORD    YEAR
 MAXIMUM TEMPERATURE (F)   76        93      1939
                                             1921
 MINIMUM TEMPERATURE (F)   54        34      1925


SUNRISE AND SUNSET
MAY 23 2018...........SUNRISE   535 AM CDT   SUNSET   816 PM CDT
MAY 24 2018...........SUNRISE   534 AM CDT   SUNSET   817 PM CDT


-  INDICATES NEGATIVE NUMBERS.
R  INDICATES RECORD WAS SET OR TIED.
MM INDICATES DATA IS MISSING.
T  INDICATES TRACE AMOUNT.




$$
