916
CDUS43 KABR 200652
CLIPIR


CLIMATE REPORT
NATIONAL WEATHER SERVICE ABERDEEN SD
152 AM CDT SUN MAY 20 2018


...................................

...THE PIERRE SD CLIMATE SUMMARY FOR MAY 19 2018...

CLIMATE NORMAL PERIOD 1981 TO 2010
CLIMATE RECORD PERIOD 1892 TO 2018


WEATHER ITEM   OBSERVED TIME   RECORD YEAR NORMAL DEPARTURE LAST
                VALUE   (LST)  VALUE       VALUE  FROM      YEAR
                                                  NORMAL
..................................................................
TEMPERATURE (F)
 YESTERDAY
  MAXIMUM         66    300 PM 102    1992  71     -5       57
  MINIMUM         46    553 AM  29    2015  47     -1       42
  AVERAGE         56                        59     -3       50

PRECIPITATION (IN)
  YESTERDAY        T             2.42 1921   0.10  -0.10     0.19
  MONTH TO DATE    1.88                      1.80   0.08     0.92
  SINCE MAR 1      4.95                      4.84   0.11     3.04
  SINCE JAN 1      6.52                      5.85   0.67     4.27

DEGREE DAYS
 HEATING
  YESTERDAY        9                         7      2       15
  MONTH TO DATE  115                       181    -66      129
  SINCE MAR 1   1969                      1673    296     1526
  SINCE JUL 1   7630                      7171    459     6682

 COOLING
  YESTERDAY        0                         1     -1        0
  MONTH TO DATE   23                        17      6       19
  SINCE MAR 1     24                        21      3       20
  SINCE JAN 1     24                        21      3       20
..................................................................


WIND (MPH)
  RESULTANT WIND SPEED  17   RESULTANT WIND DIRECTION  NE (30)
  HIGHEST WIND SPEED    30   HIGHEST WIND DIRECTION    NE (30)
  HIGHEST GUST SPEED    36   HIGHEST GUST DIRECTION    NE (30)
  AVERAGE WIND SPEED    16.9




RELATIVE HUMIDITY (PERCENT)
 HIGHEST    93          1200 AM
 LOWEST     31           300 PM
 AVERAGE    62

..........................................................


THE PIERRE SD CLIMATE NORMALS FOR TODAY
                         NORMAL    RECORD    YEAR
 MAXIMUM TEMPERATURE (F)   71        94      1934
 MINIMUM TEMPERATURE (F)   47        27      2002


SUNRISE AND SUNSET
MAY 20 2018...........SUNRISE   609 AM CDT   SUNSET   907 PM CDT
MAY 21 2018...........SUNRISE   608 AM CDT   SUNSET   908 PM CDT


-  INDICATES NEGATIVE NUMBERS.
R  INDICATES RECORD WAS SET OR TIED.
MM INDICATES DATA IS MISSING.
T  INDICATES TRACE AMOUNT.




$$
