000
CDUS46 KLOX 210133
CLIPMD


CLIMATE REPORT
NATIONAL WEATHER SERVICE LOS ANGELES/OXNARD CA
633 PM PDT FRI APR 20 2018


...................................

...THE PALMDALE AIRPORT CA CLIMATE SUMMARY FOR APRIL 20 2018...
VALID TODAY AS OF 0600 PM LOCAL TIME.

CLIMATE NORMAL PERIOD 1981 TO 2010
CLIMATE RECORD PERIOD 1931 TO 2018


WEATHER ITEM   OBSERVED TIME   RECORD YEAR NORMAL DEPARTURE LAST
                VALUE   (LST)  VALUE       VALUE  FROM      YEAR
                                                  NORMAL
..................................................................
TEMPERATURE (F)
 TODAY
  MAXIMUM         79    348 PM  94    2009  74      5       70
                                      1950
  MINIMUM         42    533 AM  28    1966  45     -3       51
  AVERAGE         61                        59      2       61

PRECIPITATION (IN)
  TODAY            0.00          0.70 1988   0.02  -0.02     0.00
  MONTH TO DATE    0.01                      0.34  -0.33      T
  SINCE OCT 1      2.57                      7.30  -4.73     5.91
  SINCE JAN 1      2.57                      4.85  -2.28     4.12

SNOWFALL (IN)
  TODAY            0.0           0.0  1973  MM               0.0
  MONTH TO DATE    0.0                      MM               0.0
  SINCE MAR 1      0.0                      MM               0.0
  SINCE JUL 1      0.0                      MM               0.0
  SNOW DEPTH       0

DEGREE DAYS
 HEATING
  TODAY            4                         7     -3        4
  MONTH TO DATE   85                       176    -91       92
  SINCE MAR 1    437                       552   -115      335
  SINCE JUL 1   2118                      2797   -679     2244

 COOLING
  TODAY            0                         1     -1        0
  MONTH TO DATE   16                         5     11        2
  SINCE MAR 1     18                         7     11        9
  SINCE JAN 1     18                         7     11        9
..................................................................


WIND (MPH)
  HIGHEST WIND SPEED    18   HIGHEST WIND DIRECTION     W (290)
  HIGHEST GUST SPEED    22   HIGHEST GUST DIRECTION    NW (300)
  AVERAGE WIND SPEED     7.0


SKY COVER
  POSSIBLE SUNSHINE  MM
  AVERAGE SKY COVER 0.0


WEATHER CONDITIONS
 THE FOLLOWING WEATHER WAS RECORDED TODAY.
  NO SIGNIFICANT WEATHER WAS OBSERVED.


RELATIVE HUMIDITY (PERCENT)
 HIGHEST    58           500 AM
 LOWEST     13           400 PM
 AVERAGE    36

..........................................................


THE PALMDALE AIRPORT CA CLIMATE NORMALS FOR TOMORROW
                         NORMAL    RECORD    YEAR
 MAXIMUM TEMPERATURE (F)   74        95      2012
 MINIMUM TEMPERATURE (F)   45        32      1984


SUNRISE AND SUNSET
APRIL 20 2018.........SUNRISE   614 AM PDT   SUNSET   728 PM PDT
APRIL 21 2018.........SUNRISE   613 AM PDT   SUNSET   729 PM PDT


-  INDICATES NEGATIVE NUMBERS.
R  INDICATES RECORD WAS SET OR TIED.
MM INDICATES DATA IS MISSING.
T  INDICATES TRACE AMOUNT.




$$
