000
CDUS44 KMOB 212227
CLIPNS


CLIMATE REPORT
NATIONAL WEATHER SERVICE MOBILE AL
526 PM CDT MON MAY 21 2018


...................................

...THE PENSACOLA CLIMATE SUMMARY FOR MAY 21 2018...
VALID TODAY AS OF 0500 PM LOCAL TIME.

CLIMATE NORMAL PERIOD 1981 TO 2010
CLIMATE RECORD PERIOD 1879 TO 2018


WEATHER ITEM   OBSERVED TIME   RECORD YEAR NORMAL DEPARTURE LAST
                VALUE   (LST)  VALUE       VALUE  FROM      YEAR
                                                  NORMAL
..................................................................
TEMPERATURE (F)
 TODAY
  MAXIMUM         86    106 PM  94    1964  85      1       84
  MINIMUM         71    644 AM  51    1954  67      4       70
  AVERAGE         79                        76      3       77

PRECIPITATION (IN)
  TODAY            0.00          2.04 1947   0.13  -0.13      T
  MONTH TO DATE    0.37                      2.75  -2.38     5.13
  SINCE MAR 1      6.38                     12.88  -6.50    11.20
  SINCE JAN 1     19.68                     22.57  -2.89    26.55

DEGREE DAYS
 COOLING
  TODAY           14                        11      3       12
  MONTH TO DATE  275                       176     99      215
  SINCE MAR 1    430                       310    120      553
  SINCE JAN 1    528                       324    204      663
..................................................................


WIND (MPH)
  HIGHEST WIND SPEED    10   HIGHEST WIND DIRECTION     N (20)
  HIGHEST GUST SPEED    15   HIGHEST GUST DIRECTION    NE (30)
  AVERAGE WIND SPEED     6.0


SKY COVER
  POSSIBLE SUNSHINE  MM
  AVERAGE SKY COVER 0.7


WEATHER CONDITIONS
 THE FOLLOWING WEATHER WAS RECORDED TODAY.
  NO SIGNIFICANT WEATHER WAS OBSERVED.


RELATIVE HUMIDITY (PERCENT)
 HIGHEST    87           100 AM
 LOWEST     58          1200 PM
 AVERAGE    73

..........................................................


THE PENSACOLA CLIMATE NORMALS FOR TOMORROW
                         NORMAL    RECORD    YEAR
 MAXIMUM TEMPERATURE (F)   85        98      1996
 MINIMUM TEMPERATURE (F)   68        49      1883


SUNRISE AND SUNSET
MAY 21 2018...........SUNRISE   551 AM CDT   SUNSET   740 PM CDT
MAY 22 2018...........SUNRISE   551 AM CDT   SUNSET   741 PM CDT


-  INDICATES NEGATIVE NUMBERS.
R  INDICATES RECORD WAS SET OR TIED.
MM INDICATES DATA IS MISSING.
T  INDICATES TRACE AMOUNT.




$$
