000
CDUS46 KLOX 231000
CLIPRB


CLIMATE REPORT
NATIONAL WEATHER SERVICE LOS ANGELES/OXNARD CA
300 AM PDT MON APR 23 2018


...................................

...THE PASO ROBLES AIRPORT CA CLIMATE SUMMARY FOR APRIL 22 2018...

CLIMATE NORMAL PERIOD 1981 TO 2010
CLIMATE RECORD PERIOD 1948 TO 2018


WEATHER ITEM   OBSERVED TIME   RECORD YEAR NORMAL DEPARTURE LAST
                VALUE   (LST)  VALUE       VALUE  FROM      YEAR
                                                  NORMAL
..................................................................
TEMPERATURE (F)
 YESTERDAY
  MAXIMUM         90    233 PM  95    1949  74     16       86
  MINIMUM         45    514 AM  28    1970  42      3       42
  AVERAGE         68                        58     10       64

PRECIPITATION (IN)
  YESTERDAY        0.00          0.30 1980   0.01  -0.01     0.00
  MONTH TO DATE    0.20                      0.55  -0.35     0.95
  SINCE OCT 1      9.62                     12.04  -2.42    15.96
  SINCE JAN 1      9.35                      8.38   0.97    12.28

SNOWFALL (IN)
  YESTERDAY        0.0
  MONTH TO DATE    0.0
  SINCE MAR 1      0.0
  SINCE JUL 1      0.0

DEGREE DAYS
 HEATING
  YESTERDAY        0                         7     -7        1
  MONTH TO DATE  140                       202    -62      151
  SINCE MAR 1    496                       568    -72      435
  SINCE JUL 1   2197                      2661   -464     2236

 COOLING
  YESTERDAY        3                         0      3        0
  MONTH TO DATE    4                         0      4        0
  SINCE MAR 1      4                         0      4        0
  SINCE JAN 1      4                         0      4        0
..................................................................


WIND (MPH)
  HIGHEST WIND SPEED    15   HIGHEST WIND DIRECTION    SW (240)
  HIGHEST GUST SPEED    20   HIGHEST GUST DIRECTION    SW (210)
  AVERAGE WIND SPEED     3.0


SKY COVER
  POSSIBLE SUNSHINE  MM
  AVERAGE SKY COVER 0.0


WEATHER CONDITIONS
 THE FOLLOWING WEATHER WAS RECORDED YESTERDAY.
  NO SIGNIFICANT WEATHER WAS OBSERVED.


RELATIVE HUMIDITY (PERCENT)
 HIGHEST    93           600 AM
 LOWEST     21           200 PM
 AVERAGE    57

..........................................................


THE PASO ROBLES AIRPORT CA CLIMATE NORMALS FOR TODAY
                         NORMAL    RECORD    YEAR
 MAXIMUM TEMPERATURE (F)   75        90      1996
 MINIMUM TEMPERATURE (F)   42        31      1970


SUNRISE AND SUNSET
APRIL 23 2018.........SUNRISE   620 AM PDT   SUNSET   743 PM PDT
APRIL 24 2018.........SUNRISE   618 AM PDT   SUNSET   743 PM PDT


-  INDICATES NEGATIVE NUMBERS.
R  INDICATES RECORD WAS SET OR TIED.
MM INDICATES DATA IS MISSING.
T  INDICATES TRACE AMOUNT.




$$
