414
CDUS45 KFGZ 220736
CLIPRC


CLIMATE REPORT
NATIONAL WEATHER SERVICE FLAGSTAFF, AZ
1236 AM MST TUE MAY 22 2018


...................................

...THE PRESCOTT AZ AIRPORT CLIMATE SUMMARY FOR MAY 21 2018...

CLIMATE NORMAL PERIOD 1981 TO 2010
CLIMATE RECORD PERIOD 1948 TO 2018


WEATHER ITEM   OBSERVED TIME   RECORD YEAR NORMAL DEPARTURE LAST
                VALUE   (LST)  VALUE       VALUE  FROM      YEAR
                                                  NORMAL
..................................................................
TEMPERATURE (F)
 YESTERDAY
  MAXIMUM         77    228 PM  91    2005  78     -1       83
  MINIMUM         52    437 AM  33    1962  48      4       44
  AVERAGE         65                        63      2

PRECIPITATION (IN)
  YESTERDAY        0.00          0.94 1997   0.01  -0.01     0.00
  MONTH TO DATE    0.37                      0.31   0.06     0.40
  SINCE SEP 1      2.34                      8.70  -6.36    11.40
  SINCE JAN 1      1.81                      4.39  -2.58     4.65

DEGREE DAYS
 HEATING
  YESTERDAY        0                               -3
  MONTH TO DATE   77                              -42
  SINCE JUL 1   3286                             -952

 COOLING
  YESTERDAY        0                               -2
  MONTH TO DATE   30                               13
  SINCE JAN 1     38                               19
..................................................................


WIND (MPH)
  HIGHEST WIND SPEED    30   HIGHEST WIND DIRECTION    SE (150)
  HIGHEST GUST SPEED    40   HIGHEST GUST DIRECTION    SE (150)
  AVERAGE WIND SPEED    12.1


SKY COVER
  AVERAGE SKY COVER 0.0


WEATHER CONDITIONS
 THE FOLLOWING WEATHER WAS RECORDED YESTERDAY.
  NO SIGNIFICANT WEATHER WAS OBSERVED.


RELATIVE HUMIDITY (PERCENT)
 HIGHEST    36
 LOWEST     13

..........................................................


THE PRESCOTT AZ AIRPORT CLIMATE NORMALS FOR TODAY
                         NORMAL    RECORD    YEAR
 MAXIMUM TEMPERATURE (F)   79        93      2005
 MINIMUM TEMPERATURE (F)   48        33      1975


SUNRISE AND SUNSET
MAY 22 2018...........SUNRISE   522 AM MST   SUNSET   731 PM MST
MAY 23 2018...........SUNRISE   522 AM MST   SUNSET   732 PM MST


-  INDICATES NEGATIVE NUMBERS.
R  INDICATES RECORD WAS SET OR TIED.
MM INDICATES DATA IS MISSING.
T  INDICATES TRACE AMOUNT.




$$
