000
CDUS46 KSGX 220022
CLIPSP


CLIMATE REPORT
NATIONAL WEATHER SERVICE SAN DIEGO, CA
522 PM PDT SAT APR 21 2018


...................................

...THE PALM SPRINGS INTL AIRPORT CA CLIMATE SUMMARY FOR APRIL 21 2018...
VALID TODAY AS OF 0500 PM LOCAL TIME.

CLIMATE NORMAL PERIOD 1981 TO 2010
CLIMATE RECORD PERIOD 1893 TO 2018


WEATHER ITEM   OBSERVED TIME   RECORD YEAR NORMAL DEPARTURE LAST
                VALUE   (LST)  VALUE       VALUE  FROM      YEAR
                                                  NORMAL
..................................................................
TEMPERATURE (F)
 TODAY
  MAXIMUM         96    100 PM 107    2012  86     10       95
                                      1958
  MINIMUM         59    442 AM  37    1962  58      1       65
  AVERAGE         78                        72      6       80

PRECIPITATION (IN)
  TODAY            0.00          0.15 1983   0.00   0.00     0.00
  MONTH TO DATE    0.00                      0.08  -0.08     0.00
  SINCE OCT 1      1.69                      4.57  -2.88     6.97
  SINCE JAN 1      1.69                      2.72  -1.03     5.18

DEGREE DAYS
 HEATING
  TODAY            0                         0      0        0
  MONTH TO DATE    0                        17    -17        0
  SINCE MAR 1     42                        90    -48       19
  SINCE JUL 1    335                       868   -533      679

 COOLING
  TODAY           13                         7      6       15
  MONTH TO DATE  228                       121    107      222
  SINCE MAR 1    349                       214    135      468
  SINCE JAN 1    462                       241    221      513
..................................................................


WIND (MPH)
  RESULTANT WIND SPEED   3   RESULTANT WIND DIRECTION   E (80)
  HIGHEST WIND SPEED    12   HIGHEST WIND DIRECTION     N (340)
  HIGHEST GUST SPEED    15   HIGHEST GUST DIRECTION     E (110)
  AVERAGE WIND SPEED     4.5


SKY COVER
  POSSIBLE SUNSHINE  MM
  AVERAGE SKY COVER 0.0


WEATHER CONDITIONS
 THE FOLLOWING WEATHER WAS RECORDED TODAY.
  NO SIGNIFICANT WEATHER WAS OBSERVED.


RELATIVE HUMIDITY (PERCENT)
 HIGHEST    44           200 AM
 LOWEST      7           100 PM
 AVERAGE    26

..........................................................


THE PALM SPRINGS INTL AIRPORT CA CLIMATE NORMALS FOR TOMORROW
                         NORMAL    RECORD    YEAR
 MAXIMUM TEMPERATURE (F)   86       105      1949
 MINIMUM TEMPERATURE (F)   59        38      1932


SUNRISE AND SUNSET
APRIL 21 2018.........SUNRISE   608 AM PDT   SUNSET   722 PM PDT
APRIL 22 2018.........SUNRISE   607 AM PDT   SUNSET   723 PM PDT


-  INDICATES NEGATIVE NUMBERS.
R  INDICATES RECORD WAS SET OR TIED.
MM INDICATES DATA IS MISSING.
T  INDICATES TRACE AMOUNT.




$$
