596
CDUS45 KPUB 200029
CLIPUB


CLIMATE REPORT
NATIONAL WEATHER SERVICE PUEBLO
628 PM MDT THU APR 19 2018


...................................

...THE PUEBLO CO CLIMATE SUMMARY FOR APRIL 19 2018...
VALID TODAY AS OF 0500 PM LOCAL TIME.

CLIMATE NORMAL PERIOD 1981 TO 2010
CLIMATE RECORD PERIOD 1888 TO 2018


WEATHER ITEM   OBSERVED TIME   RECORD YEAR NORMAL DEPARTURE LAST
                VALUE   (LST)  VALUE       VALUE  FROM      YEAR
                                                  NORMAL
..................................................................
TEMPERATURE (F)
 TODAY
  MAXIMUM         74    410 PM  86    1989  68      6       84
                                      1962
                                      1960
  MINIMUM         28    543 AM  20    2013  35     -7       43
  AVERAGE         51                        52     -1       64

PRECIPITATION (IN)
  TODAY            0.00          1.59 2003   0.05  -0.05     0.00
  MONTH TO DATE    0.30                      0.80  -0.50     1.71
  SINCE MAR 1      0.36                      1.73  -1.37     2.66
  SINCE JAN 1      1.17                      2.38  -1.21     3.58

SNOWFALL (IN)
  TODAY            0.0           4.0  1892   0.1   -0.1      0.0
  MONTH TO DATE    T                         2.7   -2.7      5.6
  SINCE MAR 1      T                         8.4   -8.4      5.6
  SINCE JUL 1     13.7                      30.2  -16.5     19.8
  SNOW DEPTH       0

DEGREE DAYS
 HEATING
  TODAY           14                        14      0        1
  MONTH TO DATE  290                       308    -18      202
  SINCE MAR 1    888                      1010   -122      678
  SINCE JUL 1   4704                      5313   -609     4178

 COOLING
  TODAY            0                         0      0        0
  MONTH TO DATE    0                         0      0        0
  SINCE MAR 1      0                         0      0        0
  SINCE JAN 1      0                         0      0        0
..................................................................


WIND (MPH)
  HIGHEST WIND SPEED    29   HIGHEST WIND DIRECTION    SE (150)
  HIGHEST GUST SPEED    39   HIGHEST GUST DIRECTION    SE (120)
  AVERAGE WIND SPEED     7.4


SKY COVER
  POSSIBLE SUNSHINE  MM
  AVERAGE SKY COVER 0.0


WEATHER CONDITIONS
 THE FOLLOWING WEATHER WAS RECORDED TODAY.
  NO SIGNIFICANT WEATHER WAS OBSERVED.


RELATIVE HUMIDITY (PERCENT)
 HIGHEST    47           500 AM
 LOWEST     11           200 PM
 AVERAGE    29

..........................................................


THE PUEBLO CO CLIMATE NORMALS FOR TOMORROW
                         NORMAL    RECORD    YEAR
 MAXIMUM TEMPERATURE (F)   69        90      1989
 MINIMUM TEMPERATURE (F)   35        20      1966


SUNRISE AND SUNSET
APRIL 19 2018.........SUNRISE   617 AM MDT   SUNSET   738 PM MDT
APRIL 20 2018.........SUNRISE   615 AM MDT   SUNSET   739 PM MDT


-  INDICATES NEGATIVE NUMBERS.
R  INDICATES RECORD WAS SET OR TIED.
MM INDICATES DATA IS MISSING.
T  INDICATES TRACE AMOUNT.




$$
