000
CDUS41 KBOX 230557
CLIPVD


CLIMATE REPORT
NATIONAL WEATHER SERVICE BOSTON/NORTON MA
147 AM EDT WED MAY 23 2018


...................................

...THE PROVIDENCE RI CLIMATE SUMMARY FOR MAY 22 2018...

CLIMATE NORMAL PERIOD 1981 TO 2010
CLIMATE RECORD PERIOD 1904 TO 2018


WEATHER ITEM   OBSERVED TIME   RECORD YEAR NORMAL DEPARTURE LAST
                VALUE   (LST)  VALUE       VALUE  FROM      YEAR
                                                  NORMAL
..................................................................
TEMPERATURE (F)
 YESTERDAY
  MAXIMUM         69   1106 AM  94    1992  70     -1       58
                                      1941
  MINIMUM         53   1142 PM  37    1907  50      3       51
  AVERAGE         61                        60      1       55

PRECIPITATION (IN)
  YESTERDAY        0.18          1.60 1920   0.12   0.06     0.31
  MONTH TO DATE    1.88                      2.42  -0.54     5.30
  SINCE MAR 1     12.57                     11.79   0.78    16.25
  SINCE JAN 1     24.51                     18.94   5.57    23.43

SNOWFALL (IN)
  YESTERDAY        0.0           0.0  2002   0.0    0.0      0.0
                                      2001
                                      2000
  MONTH TO DATE    0.0                       0.0    0.0      0.0
  SINCE MAR 1     16.7                       6.1   10.6      7.7
  SINCE JUL 1     50.6                      33.8   16.8     45.9
  SNOW DEPTH       0

DEGREE DAYS
 HEATING
  YESTERDAY        4                         6     -2       10
  MONTH TO DATE  109                       184    -75      191
  SINCE MAR 1   1487                      1472     15     1494
  SINCE JUL 1   5150                      5534   -384     5052

 COOLING
  YESTERDAY        0                         1     -1        0
  MONTH TO DATE   37                         9     28       41
  SINCE MAR 1     37                        11     26       58
  SINCE JAN 1     37                        11     26       58
..................................................................


WIND (MPH)
  RESULTANT WIND SPEED   4   RESULTANT WIND DIRECTION   S (190)
  HIGHEST WIND SPEED    14   HIGHEST WIND DIRECTION     S (200)
  HIGHEST GUST SPEED    18   HIGHEST GUST DIRECTION     S (170)
  AVERAGE WIND SPEED     5.1


SKY COVER
  POSSIBLE SUNSHINE  MM
  AVERAGE SKY COVER 0.7


WEATHER CONDITIONS
 THE FOLLOWING WEATHER WAS RECORDED YESTERDAY.
  LIGHT RAIN
  FOG


RELATIVE HUMIDITY (PERCENT)
 HIGHEST    93           600 PM
 LOWEST     59           900 AM
 AVERAGE    76

..........................................................


THE PROVIDENCE RI CLIMATE NORMALS FOR TODAY
                         NORMAL    RECORD    YEAR
 MAXIMUM TEMPERATURE (F)   70        94      1964
 MINIMUM TEMPERATURE (F)   51        40      1950


SUNRISE AND SUNSET
MAY 23 2018...........SUNRISE   519 AM EDT   SUNSET   806 PM EDT
MAY 24 2018...........SUNRISE   518 AM EDT   SUNSET   807 PM EDT


-  INDICATES NEGATIVE NUMBERS.
R  INDICATES RECORD WAS SET OR TIED.
MM INDICATES DATA IS MISSING.
T  INDICATES TRACE AMOUNT.




$$
