000
CDUS43 KLOT 260633
CLIPWK


CLIMATE REPORT
NATIONAL WEATHER SERVICE CHICAGO IL
132 AM CDT SAT MAY 26 2018


...................................

...THE CHICAGO EXECUTIVE CLIMATE SUMMARY FOR MAY 25 2018...

CLIMATE NORMAL PERIOD 1981 TO 2010
CLIMATE RECORD PERIOD 1996 TO 2018


WEATHER ITEM   OBSERVED TIME   RECORD YEAR NORMAL DEPARTURE LAST
                VALUE   (LST)  VALUE       VALUE  FROM      YEAR
                                                  NORMAL
..................................................................
TEMPERATURE (F)
 YESTERDAY
  MAXIMUM         89R   343 PM  86    2016  72     17       68
                                      2010
  MINIMUM         62    423 AM  41    2002  50     12       50
  AVERAGE         76                        61     15       59

PRECIPITATION (IN)
  YESTERDAY        0.10          0.90 2016   0.11  -0.01     0.00
  MONTH TO DATE    7.83                      3.07   4.76     2.82
  SINCE MAR 1     11.65                      8.29   3.36    12.60
  SINCE JAN 1     14.81                     10.87   3.94    16.05

DEGREE DAYS
 HEATING
  YESTERDAY        0                         6     -6        6
  MONTH TO DATE  121                       218    -97      275
  SINCE MAR 1   1737                      1593    144     1512
  SINCE JUL 1   6199                      6331   -132     5501

 COOLING
  YESTERDAY       11                         2      9        0
  MONTH TO DATE   55                        25     30       16
  SINCE MAR 1     55                        29     26       24
  SINCE JAN 1     55                        29     26       24
..................................................................


WIND (MPH)
  RESULTANT WIND SPEED   5   RESULTANT WIND DIRECTION  SW (230)
  HIGHEST WIND SPEED    16   HIGHEST WIND DIRECTION    SW (230)
  HIGHEST GUST SPEED    22   HIGHEST GUST DIRECTION    SW (220)
  AVERAGE WIND SPEED     6.1



WEATHER CONDITIONS
 THE FOLLOWING WEATHER WAS RECORDED YESTERDAY.
  RAIN


..........................................................


THE CHICAGO EXECUTIVE CLIMATE NORMALS FOR TODAY
                         NORMAL    RECORD    YEAR
 MAXIMUM TEMPERATURE (F)   72        88      2014
 MINIMUM TEMPERATURE (F)   51        40      2002
                                             2001


SUNRISE AND SUNSET
MAY 26 2018...........SUNRISE   522 AM CDT   SUNSET   816 PM CDT
MAY 27 2018...........SUNRISE   521 AM CDT   SUNSET   817 PM CDT


-  INDICATES NEGATIVE NUMBERS.
R  INDICATES RECORD WAS SET OR TIED.
MM INDICATES DATA IS MISSING.
T  INDICATES TRACE AMOUNT.




$$
