000
CDUS46 KPDT 210834 RRA
CLIRDM

CLIMATE REPORT
NATIONAL WEATHER SERVICE PENDLETON OR
134 AM PDT MON MAY 21 2018


...................................

...THE REDMOND OR CLIMATE SUMMARY FOR MAY 20 2018...

CLIMATE NORMAL PERIOD 1981 TO 2010
CLIMATE RECORD PERIOD 1949 TO 2018


WEATHER ITEM   OBSERVED TIME   RECORD YEAR NORMAL DEPARTURE LAST
                VALUE   (LST)  VALUE       VALUE  FROM      YEAR
                                                  NORMAL
..................................................................
TEMPERATURE (F)
 YESTERDAY
  MAXIMUM         73    337 PM  87    1967  69      4       72
  MINIMUM         53    553 AM  22    1975  37     16       38
  AVERAGE         63                        53     10       55

PRECIPITATION (IN)
  YESTERDAY        T             0.51 1998   0.03  -0.03     0.00
  MONTH TO DATE    0.54                      0.61  -0.07     0.13
  SINCE OCT 1      3.55                      6.38  -2.83     8.10
  SINCE JAN 1      2.44                      3.62  -1.18     4.35

DEGREE DAYS
 HEATING
  YESTERDAY        2                        13    -11       10
  MONTH TO DATE  140                       302   -162      298
  SINCE MAR 1   1474                      1700   -226     1618
  SINCE JUL 1   5904                      6373   -469     6495

 COOLING
  YESTERDAY        0                         0      0        0
  MONTH TO DATE    3                         0      3        2
  SINCE MAR 1      3                         0      3        2
  SINCE JAN 1      3                         0      3        2
..................................................................


WIND (MPH)
  RESULTANT WIND SPEED   6   RESULTANT WIND DIRECTION   N (340)
  HIGHEST WIND SPEED    17   HIGHEST WIND DIRECTION     N (340)
  HIGHEST GUST SPEED    22   HIGHEST GUST DIRECTION     N (340)
  AVERAGE WIND SPEED     7.0


SKY COVER
  POSSIBLE SUNSHINE  MM
  AVERAGE SKY COVER 0.6


WEATHER CONDITIONS
 THE FOLLOWING WEATHER WAS RECORDED YESTERDAY.
  LIGHT RAIN


RELATIVE HUMIDITY (PERCENT)
 HIGHEST    72           500 AM
 LOWEST     27           500 PM
 AVERAGE    50

..........................................................


THE REDMOND OR CLIMATE NORMALS FOR TODAY
                         NORMAL    RECORD    YEAR
 MAXIMUM TEMPERATURE (F)   69        89      1958
 MINIMUM TEMPERATURE (F)   37        26      1960


SUNRISE AND SUNSET
MAY 21 2018...........SUNRISE   532 AM PDT   SUNSET   831 PM PDT
MAY 22 2018...........SUNRISE   531 AM PDT   SUNSET   832 PM PDT


-  INDICATES NEGATIVE NUMBERS.
R  INDICATES RECORD WAS SET OR TIED.
MM INDICATES DATA IS MISSING.
T  INDICATES TRACE AMOUNT.


$$
