000
CDUS42 KRAH 240801
CLIRDU


CLIMATE REPORT
NATIONAL WEATHER SERVICE RALEIGH NC
359 AM EDT TUE APR 24 2018


...................................

...THE RALEIGH-DURHAM INTL AIRPORT NC CLIMATE SUMMARY FOR APRIL 23 2018...

CLIMATE NORMAL PERIOD 1981 TO 2010
CLIMATE RECORD PERIOD 1887 TO 2018


WEATHER ITEM   OBSERVED TIME   RECORD YEAR NORMAL DEPARTURE LAST
                VALUE   (LST)  VALUE       VALUE  FROM      YEAR
                                                  NORMAL
..................................................................
TEMPERATURE (F)
 YESTERDAY
  MAXIMUM         66   1106 AM  95    1980  74     -8       56
  MINIMUM         52    630 AM  33    1986  50      2       53
                                      1971
  AVERAGE         59                        62     -3       55

PRECIPITATION (IN)
  YESTERDAY        0.01          1.11 1945   0.10  -0.09     0.77
  MONTH TO DATE    4.31                      2.30   2.01     1.96
  SINCE MAR 1      9.11                      6.41   2.70     5.09
  SINCE JAN 1     14.73                     13.14   1.59     9.52

SNOWFALL (IN)
  YESTERDAY        0.0           0.0  2002   0.0    0.0      0.0
  MONTH TO DATE    T                         0.1   -0.1      0.0
  SINCE MAR 1      1.6                       0.6    1.0      0.3
  SINCE JUL 1      8.9                       6.1    2.8      0.8
  SNOW DEPTH       0

DEGREE DAYS
 HEATING
  YESTERDAY        6                         5      1       10
  MONTH TO DATE  205                       162     43       65
  SINCE MAR 1    793                       586    207      479
  SINCE JUL 1   3306                      3158    148     2452

 COOLING
  YESTERDAY        0                         2     -2        0
  MONTH TO DATE   14                        33    -19       72
  SINCE MAR 1     17                        44    -27       90
  SINCE JAN 1     39                        45     -6       98
..................................................................


WIND (MPH)
  HIGHEST WIND SPEED    26   HIGHEST WIND DIRECTION    SE (120)
  HIGHEST GUST SPEED    33   HIGHEST GUST DIRECTION     E (100)
  AVERAGE WIND SPEED    11.2


SKY COVER
  POSSIBLE SUNSHINE  MM
  AVERAGE SKY COVER 1.0


WEATHER CONDITIONS
 THE FOLLOWING WEATHER WAS RECORDED YESTERDAY.
  LIGHT RAIN


RELATIVE HUMIDITY (PERCENT)
 HIGHEST    83           600 AM
 LOWEST     47          1200 AM
 AVERAGE    65

..........................................................


THE RALEIGH-DURHAM INTL AIRPORT NC CLIMATE NORMALS FOR TODAY
                         NORMAL    RECORD    YEAR
 MAXIMUM TEMPERATURE (F)   75        93      1960
                                             1925
 MINIMUM TEMPERATURE (F)   50        31      1986


SUNRISE AND SUNSET
APRIL 24 2018.........SUNRISE   631 AM EDT   SUNSET   756 PM EDT
APRIL 25 2018.........SUNRISE   630 AM EDT   SUNSET   757 PM EDT


-  INDICATES NEGATIVE NUMBERS.
R  INDICATES RECORD WAS SET OR TIED.
MM INDICATES DATA IS MISSING.
T  INDICATES TRACE AMOUNT.

&&

CLIMATE REPORT NWS FORECAST OFFICE
NCSU CENTENNIAL CAMPUS
RALEIGH, NC

MAXIMUM TEMPERATURE...65

MINIMUM TEMPERATURE...52

PRECIPITATION...0.01


$$
