000
CDUS45 KRIW 250731
CLIRIW


CLIMATE REPORT
NATIONAL WEATHER SERVICE RIVERTON WY
130 AM MDT WED APR 25 2018


...................................

...THE RIVERTON WY CLIMATE SUMMARY FOR APRIL 24 2018...

CLIMATE NORMAL PERIOD 1981 TO 2010
CLIMATE RECORD PERIOD 1995 TO 2018


WEATHER ITEM   OBSERVED TIME   RECORD YEAR NORMAL DEPARTURE LAST
                VALUE   (LST)  VALUE       VALUE  FROM      YEAR
                                                  NORMAL
..................................................................
TEMPERATURE (F)
 YESTERDAY
  MAXIMUM         47    524 PM  85    2012  60    -13       59
  MINIMUM         31   1159 PM  22    2013  33     -2       38
                                      2011
                                      2002
  AVERAGE         39                        47     -8       49

PRECIPITATION (IN)
  YESTERDAY        T             0.78 2016   0.05  -0.05     0.05
  MONTH TO DATE    0.22                      0.96  -0.74     1.79
  SINCE MAR 1      0.95                      1.51  -0.56     5.50
  SINCE JAN 1      2.11                      2.02   0.09     7.36

SNOWFALL (IN)
  YESTERDAY        T                                         0.0
  MONTH TO DATE    4.2                                       4.6
  SINCE MAR 1     11.7                                       4.6
  SINCE JUL 1     48.3                                      52.3
  SNOW DEPTH       0

DEGREE DAYS
 HEATING
  YESTERDAY       26                        18      8       16
  MONTH TO DATE  554                       520     34      462
  SINCE MAR 1   1451                      1438     13     1166
  SINCE JUL 1   7247                      7292    -45     7040

 COOLING
  YESTERDAY        0                         0      0        0
  MONTH TO DATE    0                         0      0        0
  SINCE MAR 1      0                         0      0        0
  SINCE JAN 1      0                         0      0        0
..................................................................


WIND (MPH)
  HIGHEST WIND SPEED    20   HIGHEST WIND DIRECTION    NE (30)
  HIGHEST GUST SPEED    25   HIGHEST GUST DIRECTION     N (20)
  AVERAGE WIND SPEED     7.1


SKY COVER
  POSSIBLE SUNSHINE  MM
  AVERAGE SKY COVER 0.7


WEATHER CONDITIONS
 THE FOLLOWING WEATHER WAS RECORDED YESTERDAY.
  NO SIGNIFICANT WEATHER WAS OBSERVED.


RELATIVE HUMIDITY (PERCENT)
 HIGHEST    78           400 AM
 LOWEST     38           400 PM
 AVERAGE    58

..........................................................


THE RIVERTON WY CLIMATE NORMALS FOR TODAY
                         NORMAL    RECORD    YEAR
 MAXIMUM TEMPERATURE (F)   60        78      2012
 MINIMUM TEMPERATURE (F)   34        23      2002


SUNRISE AND SUNSET
APRIL 25 2018.........SUNRISE   616 AM MDT   SUNSET   808 PM MDT
APRIL 26 2018.........SUNRISE   615 AM MDT   SUNSET   809 PM MDT


-  INDICATES NEGATIVE NUMBERS.
R  INDICATES RECORD WAS SET OR TIED.
MM INDICATES DATA IS MISSING.
T  INDICATES TRACE AMOUNT.




$$
