000
CDUS45 KRIW 260728
CLIRKS


CLIMATE REPORT
NATIONAL WEATHER SERVICE RIVERTON WY
128 AM MDT THU APR 26 2018


...................................

...THE ROCK SPRINGS WY CLIMATE SUMMARY FOR APRIL 25 2018...

CLIMATE NORMAL PERIOD 1981 TO 2010
CLIMATE RECORD PERIOD 1948 TO 2018


WEATHER ITEM   OBSERVED TIME   RECORD YEAR NORMAL DEPARTURE LAST
                VALUE   (LST)  VALUE       VALUE  FROM      YEAR
                                                  NORMAL
..................................................................
TEMPERATURE (F)
 YESTERDAY
  MAXIMUM         64    538 PM  74    1987  57      7       44
  MINIMUM         21    544 AM  20    1950  32    -11       32
  AVERAGE         43                        44     -1       38

PRECIPITATION (IN)
  YESTERDAY        0.00          0.69 2016   0.04  -0.04     0.13
  MONTH TO DATE    0.14                      0.73  -0.59     0.53
  SINCE MAR 1      0.48                      1.41  -0.93     1.96
  SINCE JAN 1      0.67                      2.34  -1.67     2.86

DEGREE DAYS
 HEATING
  YESTERDAY       22                        21      1       27
  MONTH TO DATE  593                       603    -10      535
  SINCE MAR 1   1514                      1580    -66     1315
  SINCE JUL 1   6780                      7432   -652     7053

 COOLING
  YESTERDAY        0                         0      0        0
  MONTH TO DATE    0                         0      0        0
  SINCE MAR 1      0                         0      0        0
  SINCE JAN 1      0                         0      0        0
..................................................................


WIND (MPH)
  HIGHEST WIND SPEED    31   HIGHEST WIND DIRECTION     W (270)
  HIGHEST GUST SPEED    39   HIGHEST GUST DIRECTION     W (280)
  AVERAGE WIND SPEED    10.2


SKY COVER
  POSSIBLE SUNSHINE  MM
  AVERAGE SKY COVER 0.0


WEATHER CONDITIONS
 THE FOLLOWING WEATHER WAS RECORDED YESTERDAY.
  NO SIGNIFICANT WEATHER WAS OBSERVED.


RELATIVE HUMIDITY (PERCENT)
 HIGHEST    74           400 AM
 LOWEST      9           300 PM
 AVERAGE    42

..........................................................


THE ROCK SPRINGS WY CLIMATE NORMALS FOR TODAY
                         NORMAL    RECORD    YEAR
 MAXIMUM TEMPERATURE (F)   57        77      1977
 MINIMUM TEMPERATURE (F)   32        15      1984


SUNRISE AND SUNSET
APRIL 26 2018.........SUNRISE   620 AM MDT   SUNSET   809 PM MDT
APRIL 27 2018.........SUNRISE   618 AM MDT   SUNSET   810 PM MDT


-  INDICATES NEGATIVE NUMBERS.
R  INDICATES RECORD WAS SET OR TIED.
MM INDICATES DATA IS MISSING.
T  INDICATES TRACE AMOUNT.




$$
