000
CDUS41 KRNK 252108
CLIROA


CLIMATE REPORT
NATIONAL WEATHER SERVICE BLACKSBURG VA
507 PM EDT WED APR 25 2018


...................................

...THE ROANOKE VA CLIMATE SUMMARY FOR APRIL 25 2018...
VALID TODAY AS OF 0500 PM LOCAL TIME.

CLIMATE NORMAL PERIOD 1981 TO 2010
CLIMATE RECORD PERIOD 1912 TO 2018


WEATHER ITEM   OBSERVED TIME   RECORD YEAR NORMAL DEPARTURE LAST
                VALUE   (LST)  VALUE       VALUE  FROM      YEAR
                                                  NORMAL
..................................................................
TEMPERATURE (F)
 TODAY
  MAXIMUM         69    401 PM  95    1925  71     -2       63
  MINIMUM         53    550 AM  30    1956  48      5       50
  AVERAGE         61                        59      2       57

PRECIPITATION (IN)
  TODAY            0.23          2.00 1937   0.11   0.12     0.53
  MONTH TO DATE    3.84                      2.81   1.03     5.83
  SINCE MAR 1      7.22                      6.27   0.95     8.15
  SINCE JAN 1     13.34                     12.08   1.26    12.79

SNOWFALL (IN)
  TODAY            0.0                                       0.0
  MONTH TO DATE    T                                         0.0
  SINCE MAR 1     10.6                                       0.1
  SINCE JUL 1     15.7                                       4.6
  SNOW DEPTH       0

DEGREE DAYS
 HEATING
  TODAY            4                         7     -3        8
  MONTH TO DATE  283                       244     39      153
  SINCE MAR 1    951                       796    155      657
  SINCE JUL 1   3951                      4001    -50     3121

 COOLING
  TODAY            0                         1     -1        0
  MONTH TO DATE    8                        17     -9       37
  SINCE MAR 1      8                        22    -14       39
  SINCE JAN 1     12                        22    -10       39
..................................................................


WIND (MPH)
  HIGHEST WIND SPEED    16   HIGHEST WIND DIRECTION    NW (300)
  HIGHEST GUST SPEED    23   HIGHEST GUST DIRECTION     W (280)
  AVERAGE WIND SPEED     6.8


SKY COVER
  AVERAGE SKY COVER 1.0


WEATHER CONDITIONS
 THE FOLLOWING WEATHER WAS RECORDED TODAY.
  LIGHT RAIN
  FOG


RELATIVE HUMIDITY (PERCENT)
 HIGHEST    93          1200 AM
 LOWEST     67           100 PM
 AVERAGE    80

..........................................................


THE ROANOKE VA CLIMATE NORMALS FOR TOMORROW
                         NORMAL    RECORD    YEAR
 MAXIMUM TEMPERATURE (F)   71        93      1915
 MINIMUM TEMPERATURE (F)   48        30      1972
                                             1934


SUNRISE AND SUNSET
APRIL 25 2018.........SUNRISE   632 AM EDT   SUNSET   804 PM EDT
APRIL 26 2018.........SUNRISE   631 AM EDT   SUNSET   805 PM EDT


-  INDICATES NEGATIVE NUMBERS.
R  INDICATES RECORD WAS SET OR TIED.
MM INDICATES DATA IS MISSING.
T  INDICATES TRACE AMOUNT.




$$
