000
CDUS45 KABQ 210826
CLIROW


CLIMATE REPORT
NATIONAL WEATHER SERVICE ALBUQUERQUE NM
226 AM MDT SAT APR 21 2018


...................................

...THE ROSWELL NM CLIMATE SUMMARY FOR APRIL 20 2018...

CLIMATE NORMAL PERIOD 1981 TO 2010
CLIMATE RECORD PERIOD 1893 TO 2018


WEATHER ITEM   OBSERVED TIME   RECORD YEAR NORMAL DEPARTURE
                VALUE   (LST)  VALUE       VALUE  FROM
                                                  NORMAL
...............................................................
TEMPERATURE (F)
 YESTERDAY
  MAXIMUM         86    226 PM  94    1989  78      8
  MINIMUM         54    600 AM  27    1893  46      8
  AVERAGE         70                        62      8

PRECIPITATION (IN)
  YESTERDAY        0.00          0.69 1913   0.02  -0.02
  MONTH TO DATE    0.00                      0.35  -0.35
  SINCE MAR 1      0.01                      0.86  -0.85
  SINCE JAN 1      0.62                      1.66  -1.04

SNOWFALL (IN)
  YESTERDAY        0.0
  MONTH TO DATE    0.0
  SINCE MAR 1      0.0
  SINCE JUL 1      0.0

DEGREE DAYS
 HEATING
  YESTERDAY        0                         4     -4
  MONTH TO DATE   82                       130    -48
  SINCE MAR 1    345                       517   -172
  SINCE JUL 1   2712                      3224   -512

 COOLING
  YESTERDAY        5                         1      4
  MONTH TO DATE   35                        15     20
  SINCE MAR 1     52                        18     34
  SINCE JAN 1     52                        18     34
...............................................................


WIND (MPH)
  HIGHEST WIND SPEED    44   HIGHEST WIND DIRECTION    SW (240)
  HIGHEST GUST SPEED    53   HIGHEST GUST DIRECTION     W (260)
  AVERAGE WIND SPEED    20.2


SKY COVER
  AVERAGE SKY COVER 0.1


WEATHER CONDITIONS
 THE FOLLOWING WEATHER WAS RECORDED YESTERDAY.
  HAZE


RELATIVE HUMIDITY (PERCENT)
 HIGHEST    54           600 AM
 LOWEST      3           400 PM
 AVERAGE    29

..........................................................


THE ROSWELL NM CLIMATE NORMALS FOR TODAY
                         NORMAL    RECORD    YEAR
 MAXIMUM TEMPERATURE (F)   78        99      1989
 MINIMUM TEMPERATURE (F)   46        32      1907
                                             1899


SUNRISE AND SUNSET
APRIL 21 2018.........SUNRISE   621 AM MDT   SUNSET   733 PM MDT
APRIL 22 2018.........SUNRISE   620 AM MDT   SUNSET   734 PM MDT


-  INDICATES NEGATIVE NUMBERS.
R  INDICATES RECORD WAS SET OR TIED.
MM INDICATES DATA IS MISSING.
T  INDICATES TRACE AMOUNT.




$$
