769
CDUS43 KARX 250631
CLIRST


CLIMATE REPORT
NATIONAL WEATHER SERVICE LA CROSSE WI
130 AM CDT WED APR 25 2018


...................................

...THE ROCHESTER MN CLIMATE SUMMARY FOR APRIL 24 2018...

CLIMATE NORMAL PERIOD 1981 TO 2010
CLIMATE RECORD PERIOD 1886 TO 2018


WEATHER ITEM   OBSERVED TIME   RECORD YEAR NORMAL DEPARTURE LAST
                VALUE   (LST)  VALUE       VALUE  FROM      YEAR
                                                  NORMAL
..................................................................
TEMPERATURE (F)
 YESTERDAY
  MAXIMUM         70   1243 PM  92    2009  61      9       70
  MINIMUM         39   1132 PM  17    1956  40     -1       45
  AVERAGE         55                        50      5       58

PRECIPITATION (IN)
  YESTERDAY        0.00          1.37 1994   0.12  -0.12     0.00
  MONTH TO DATE    3.18                      2.50   0.68     3.49
  SINCE MAR 1      4.09                      4.38  -0.29     6.36
  SINCE JAN 1      6.59                      6.07   0.52    10.14

SNOWFALL (IN)
  YESTERDAY        0.0           0.0  2002   0.1   -0.1      0.0
                                      2001
  MONTH TO DATE   17.0                       3.0   14.0       T
  SINCE JUL 1     60.2                      51.6    8.6     52.7
  SNOW DEPTH       0

DEGREE DAYS
 HEATING
  YESTERDAY       10                        15     -5        7
  MONTH TO DATE  817                       474    343      371
  SINCE JUL 1   7847                      7346    501     6452

 COOLING
  YESTERDAY        0                         0      0        0
  MONTH TO DATE    0                         0      0        0
  SINCE JAN 1      0                         0      0        0
..................................................................


WIND (MPH)
  HIGHEST WIND SPEED    25   HIGHEST WIND DIRECTION     N (340)
  HIGHEST GUST SPEED    32   HIGHEST GUST DIRECTION     N (350)
  AVERAGE WIND SPEED    10.0


SKY COVER
  POSSIBLE SUNSHINE  MM
  AVERAGE SKY COVER 0.3


WEATHER CONDITIONS
 THE FOLLOWING WEATHER WAS RECORDED YESTERDAY.
  HAZE


RELATIVE HUMIDITY (PERCENT)
 HIGHEST    82           600 AM
 LOWEST     37          1100 AM
 AVERAGE    60

..........................................................


THE ROCHESTER MN CLIMATE NORMALS FOR TODAY
                         NORMAL    RECORD    YEAR
 MAXIMUM TEMPERATURE (F)   62        87      1939
 MINIMUM TEMPERATURE (F)   40        17      1934


SUNRISE AND SUNSET
APRIL 25 2018.........SUNRISE   611 AM CDT   SUNSET   806 PM CDT
APRIL 26 2018.........SUNRISE   609 AM CDT   SUNSET   807 PM CDT


-  INDICATES NEGATIVE NUMBERS.
R  INDICATES RECORD WAS SET OR TIED.
MM INDICATES DATA IS MISSING.
T  INDICATES TRACE AMOUNT.




$$
