000
CDUS46 KSGX 221135
CLISAN


CLIMATE REPORT
NATIONAL WEATHER SERVICE SAN DIEGO, CA
434 AM PDT SUN APR 22 2018


...................................

...THE SAN DIEGO INTL AIRPORT CA CLIMATE SUMMARY FOR APRIL 21 2018...

CLIMATE NORMAL PERIOD 1981 TO 2010
CLIMATE RECORD PERIOD 1874 TO 2018


WEATHER ITEM   OBSERVED TIME   RECORD YEAR NORMAL DEPARTURE LAST
                VALUE   (LST)  VALUE       VALUE  FROM      YEAR
                                                  NORMAL
..................................................................
TEMPERATURE (F)
 YESTERDAY
  MAXIMUM         73   1050 AM  88    1899  68      5       78
  MINIMUM         55    550 AM  43    1896  57     -2       59
  AVERAGE         64                        62      2       69

PRECIPITATION (IN)
  YESTERDAY        0.00          1.33 1988   0.02  -0.02     0.00
  MONTH TO DATE    0.01                      0.62  -0.61     0.01
  SINCE OCT 1      3.19                      9.79  -6.60    11.71
  SINCE JAN 1      3.10                      6.68  -3.58     6.81

DEGREE DAYS
 HEATING
  YESTERDAY        1                         3     -2        0
  MONTH TO DATE   38                        86    -48       19
  SINCE MAR 1    161                       264   -103       95
  SINCE JUL 1    612                      1122   -510      687

 COOLING
  YESTERDAY        0                         1     -1        4
  MONTH TO DATE   22                         3     19       13
  SINCE MAR 1     23                         8     15       24
  SINCE JAN 1     40                        13     27       24
..................................................................


WIND (MPH)
  RESULTANT WIND SPEED   5   RESULTANT WIND DIRECTION  NW (300)
  HIGHEST WIND SPEED    18   HIGHEST WIND DIRECTION     W (270)
  HIGHEST GUST SPEED    23   HIGHEST GUST DIRECTION     W (270)
  AVERAGE WIND SPEED     5.5


SKY COVER
  POSSIBLE SUNSHINE  MM
  AVERAGE SKY COVER 0.5


WEATHER CONDITIONS
 THE FOLLOWING WEATHER WAS RECORDED YESTERDAY.
  NO SIGNIFICANT WEATHER WAS OBSERVED.


RELATIVE HUMIDITY (PERCENT)
 HIGHEST    86           100 AM
 LOWEST     44          1100 AM
 AVERAGE    65

..........................................................


THE SAN DIEGO INTL AIRPORT CA CLIMATE NORMALS FOR TODAY
                         NORMAL    RECORD    YEAR
 MAXIMUM TEMPERATURE (F)   68        95      1910
 MINIMUM TEMPERATURE (F)   57        44      1878


SUNRISE AND SUNSET
APRIL 22 2018.........SUNRISE   611 AM PDT   SUNSET   724 PM PDT
APRIL 23 2018.........SUNRISE   610 AM PDT   SUNSET   725 PM PDT


-  INDICATES NEGATIVE NUMBERS.
R  INDICATES RECORD WAS SET OR TIED.
MM INDICATES DATA IS MISSING.
T  INDICATES TRACE AMOUNT.




$$
