000
CDUS42 KCHS 220601
CLISAV


CLIMATE REPORT
NATIONAL WEATHER SERVICE CHARLESTON SC
201 AM EDT SUN APR 22 2018


...................................

...THE SAVANNAH GA CLIMATE SUMMARY FOR APRIL 21 2018...

CLIMATE NORMAL PERIOD 1981 TO 2010
CLIMATE RECORD PERIOD 1871 TO 2018


WEATHER ITEM   OBSERVED TIME   RECORD YEAR NORMAL DEPARTURE LAST
                VALUE   (LST)  VALUE       VALUE  FROM      YEAR
                                                  NORMAL
..................................................................
TEMPERATURE (F)
 YESTERDAY
  MAXIMUM         72    340 PM  92    2002  79     -7       88
                                      1968
  MINIMUM         50    416 AM  36    1953  55     -5       62
  AVERAGE         61                        67     -6       75

PRECIPITATION (IN)
  YESTERDAY        0.00          1.20 1884   0.10  -0.10     0.00
  MONTH TO DATE    1.19                      2.25  -1.06     2.84
  SINCE MAR 1      2.41                      5.98  -3.57     3.34
  SINCE JAN 1      5.24                     12.46  -7.22    12.17

SNOWFALL (IN)
  YESTERDAY        0.0                       0.0    0.0
  SINCE MAR 1      0.0                       T      0.0
  SINCE JUL 1      1.2                       0.3    0.9

DEGREE DAYS
 HEATING
  YESTERDAY        4                         2      2        0
  MONTH TO DATE   85                        64     21       19
  SINCE MAR 1    327                       274     53      212
  SINCE JUL 1   1602                      1791   -189     1022

 COOLING
  YESTERDAY        0                         4     -4       10
  MONTH TO DATE   43                        55    -12      103
  SINCE MAR 1     75                        87    -12      178
  SINCE JAN 1    157                        97     60      236
..................................................................


WIND (MPH)
  HIGHEST WIND SPEED    20   HIGHEST WIND DIRECTION     E (80)
  HIGHEST GUST SPEED    25   HIGHEST GUST DIRECTION     E (80)
  AVERAGE WIND SPEED    10.5


SKY COVER
  POSSIBLE SUNSHINE  MM
  AVERAGE SKY COVER 0.6


WEATHER CONDITIONS
 THE FOLLOWING WEATHER WAS RECORDED YESTERDAY.
  NO SIGNIFICANT WEATHER WAS OBSERVED.


RELATIVE HUMIDITY (PERCENT)
 HIGHEST    86           300 AM
 LOWEST     49          1100 AM
 AVERAGE    68

..........................................................


THE SAVANNAH GA CLIMATE NORMALS FOR TODAY
                         NORMAL    RECORD    YEAR
 MAXIMUM TEMPERATURE (F)   79        92      1988
 MINIMUM TEMPERATURE (F)   55        40      1962


SUNRISE AND SUNSET
APRIL 22 2018.........SUNRISE   648 AM EDT   SUNSET   759 PM EDT
APRIL 23 2018.........SUNRISE   647 AM EDT   SUNSET   800 PM EDT


-  INDICATES NEGATIVE NUMBERS.
R  INDICATES RECORD WAS SET OR TIED.
MM INDICATES DATA IS MISSING.
T  INDICATES TRACE AMOUNT.




$$
