000
CDUS46 KLOX 250918
CLISBA


CLIMATE REPORT
NATIONAL WEATHER SERVICE LOS ANGELES/OXNARD CA
218 AM PDT FRI MAY 25 2018


...................................

...THE SANTA BARBARA AIRPORT CA CLIMATE SUMMARY FOR MAY 24 2018...

CLIMATE NORMAL PERIOD 1981 TO 2010
CLIMATE RECORD PERIOD 1940 TO 2018


WEATHER ITEM   OBSERVED TIME   RECORD YEAR NORMAL DEPARTURE LAST
                VALUE   (LST)  VALUE       VALUE  FROM      YEAR
                                                  NORMAL
..................................................................
TEMPERATURE (F)
 YESTERDAY
  MAXIMUM         64    254 PM  92    2006  69     -5       64
  MINIMUM         58   1159 PM  42    1957  52      6       52
  AVERAGE         61                        60      1       58

PRECIPITATION (IN)
  YESTERDAY        0.00          0.02 1992   0.01  -0.01     0.00
                                      1992
                                      2008
  MONTH TO DATE    T                         0.30  -0.30     0.12
  SINCE OCT 1      8.30                     17.24  -8.94    24.23
  SINCE JAN 1      8.23                     11.94  -3.71    19.42

SNOWFALL (IN)
  YESTERDAY        0.0
  MONTH TO DATE    0.0
  SINCE MAR 1      0.0
  SINCE JUL 1      0.0

DEGREE DAYS
 HEATING
  YESTERDAY        4                         5     -1        7
  MONTH TO DATE  133                       129      4      116
  SINCE MAR 1    618                       653    -35      458
  SINCE JUL 1   1869                      2254   -385     1826

 COOLING
  YESTERDAY        0                         0      0        0
  MONTH TO DATE    0                         0      0        5
  SINCE MAR 1     10                         7      3       27
  SINCE JAN 1     10                         7      3       27
..................................................................


WIND (MPH)
  HIGHEST WIND SPEED    13   HIGHEST WIND DIRECTION     W (280)
  HIGHEST GUST SPEED    16   HIGHEST GUST DIRECTION     W (270)
  AVERAGE WIND SPEED     3.9


SKY COVER
  POSSIBLE SUNSHINE  MM
  AVERAGE SKY COVER 1.0


WEATHER CONDITIONS
 THE FOLLOWING WEATHER WAS RECORDED YESTERDAY.
  FOG


RELATIVE HUMIDITY (PERCENT)
 HIGHEST    86           100 AM
 LOWEST     63           300 PM
 AVERAGE    75

..........................................................


THE SANTA BARBARA AIRPORT CA CLIMATE NORMALS FOR TODAY
                         NORMAL    RECORD    YEAR
 MAXIMUM TEMPERATURE (F)   69        90      1968
 MINIMUM TEMPERATURE (F)   52        42      1989


SUNRISE AND SUNSET
MAY 25 2018...........SUNRISE   551 AM PDT   SUNSET   802 PM PDT
MAY 26 2018...........SUNRISE   550 AM PDT   SUNSET   803 PM PDT


-  INDICATES NEGATIVE NUMBERS.
R  INDICATES RECORD WAS SET OR TIED.
MM INDICATES DATA IS MISSING.
T  INDICATES TRACE AMOUNT.




$$
