000
CDUS46 KSTO 260843
CLISCK


CLIMATE REPORT
NATIONAL WEATHER SERVICE SACRAMENTO, CA
143 AM PDT THU APR 26 2018


...................................

...THE STOCKTON AIRPORT CA CLIMATE SUMMARY FOR APRIL 25 2018...

CLIMATE NORMAL PERIOD 1981 TO 2010
CLIMATE RECORD PERIOD 1948 TO 2018


WEATHER ITEM   OBSERVED TIME   RECORD YEAR NORMAL DEPARTURE LAST
                VALUE   (LST)  VALUE       VALUE  FROM      YEAR
                                                  NORMAL
..................................................................
TEMPERATURE (F)
 YESTERDAY
  MAXIMUM         84    416 PM  92    2004  75      9       73
  MINIMUM         50    544 AM  38    1983  48      2       49
                                      1971
                                      1964
  AVERAGE         67

PRECIPITATION (IN)
  YESTERDAY        0.00          1.18 1959   0.03  -0.03     0.00
  MONTH TO DATE    1.72                      0.86   0.86     1.86
  SINCE OCT 1      9.09                     13.03  -3.94    21.68
  SINCE JAN 1      8.13                      8.30  -0.17    15.52

SNOWFALL (IN)
  YESTERDAY        0.0          MM      MM
  MONTH TO DATE    0.0
  SINCE MAR 1      0.0
  SINCE JUL 1      0.0
  SNOW DEPTH       0

DEGREE DAYS
 HEATING
  YESTERDAY        0                         5     -5        4
  MONTH TO DATE  107                       169    -62      140
  SINCE MAR 1    407                       493    -86      367
  SINCE JUL 1   1992                      2555   -563     2076

 COOLING
  YESTERDAY        2                         1      1        0
  MONTH TO DATE   16                         8      8        0
  SINCE MAR 1     18                         8     10        1
  SINCE JAN 1     18                         8     10        1
..................................................................


WIND (MPH)
  RESULTANT WIND SPEED   8   RESULTANT WIND DIRECTION  NW (310)
  HIGHEST WIND SPEED    18   HIGHEST WIND DIRECTION    NW (310)
  HIGHEST GUST SPEED    21   HIGHEST GUST DIRECTION    NW (310)


SKY COVER
  POSSIBLE SUNSHINE  MM
  AVERAGE SKY COVER 0.0


WEATHER CONDITIONS
 THE FOLLOWING WEATHER WAS RECORDED YESTERDAY.
  NO SIGNIFICANT WEATHER WAS OBSERVED.


RELATIVE HUMIDITY (PERCENT)
 HIGHEST    89           300 AM
 LOWEST     28           200 PM
 AVERAGE    59

..........................................................


THE STOCKTON AIRPORT CA CLIMATE NORMALS FOR TODAY
                         NORMAL    RECORD    YEAR
 MAXIMUM TEMPERATURE (F)   76        96      2004
 MINIMUM TEMPERATURE (F)   48        39      2003
                                             1984
                                             1955


SUNRISE AND SUNSET
APRIL 26 2018.........SUNRISE   615 AM PDT   SUNSET   751 PM PDT
APRIL 27 2018.........SUNRISE   614 AM PDT   SUNSET   752 PM PDT


-  INDICATES NEGATIVE NUMBERS.
R  INDICATES RECORD WAS SET OR TIED.
MM INDICATES DATA IS MISSING.
T  INDICATES TRACE AMOUNT.




$$
