000
CDUS45 KBYZ 210729
CLISHR


CLIMATE REPORT
NATIONAL WEATHER SERVICE BILLINGS MT
128 AM MDT SAT APR 21 2018


...................................

...THE SHERIDAN WY CLIMATE SUMMARY FOR APRIL 20 2018...

CLIMATE NORMAL PERIOD 1981 TO 2010
CLIMATE RECORD PERIOD 1907 TO 2018


WEATHER ITEM   OBSERVED TIME   RECORD YEAR NORMAL DEPARTURE LAST
                VALUE   (LST)  VALUE       VALUE  FROM      YEAR
                                                  NORMAL
..................................................................
TEMPERATURE (F)
 YESTERDAY
  MAXIMUM         64    249 PM  85    1980  59      5       63
  MINIMUM         35   1138 PM   3    1966  31      4       28
  AVERAGE         50                        45      5       46

PRECIPITATION (IN)
  YESTERDAY        0.00          0.65 1933   0.05  -0.05     0.00
  MONTH TO DATE    1.12                      0.92   0.20     0.45
  SINCE OCT 1      7.77                      5.68   2.09     9.31
  SINCE JAN 1      4.78                      3.00   1.78     5.58

DEGREE DAYS
 HEATING
  YESTERDAY       15                        20     -5       19
  MONTH TO DATE  550                       455     95      367
  SINCE MAR 1   1554                      1379    175     1102
  SINCE JUL 1   7294                      6914    380     6624

 COOLING
  YESTERDAY        0                         0      0        0
  MONTH TO DATE    0                         0      0        0
  SINCE MAR 1      0                         0      0        0
  SINCE JAN 1      0                         0      0        0
..................................................................


WIND (MPH)
  HIGHEST WIND SPEED    14   HIGHEST WIND DIRECTION    SE (150)
  HIGHEST GUST SPEED    20   HIGHEST GUST DIRECTION    SE (150)
  AVERAGE WIND SPEED     7.4


SKY COVER
  POSSIBLE SUNSHINE  MM
  AVERAGE SKY COVER 0.1


WEATHER CONDITIONS
 THE FOLLOWING WEATHER WAS RECORDED YESTERDAY.
  NO SIGNIFICANT WEATHER WAS OBSERVED.


RELATIVE HUMIDITY (PERCENT)
 HIGHEST    79          1000 PM
 LOWEST     36           200 PM
 AVERAGE    58

..........................................................


THE SHERIDAN WY CLIMATE NORMALS FOR TODAY
                         NORMAL    RECORD    YEAR
 MAXIMUM TEMPERATURE (F)   59        86      1989
 MINIMUM TEMPERATURE (F)   31         4      1927


SUNRISE AND SUNSET
APRIL 21 2018.........SUNRISE   613 AM MDT   SUNSET   801 PM MDT
APRIL 22 2018.........SUNRISE   612 AM MDT   SUNSET   802 PM MDT


-  INDICATES NEGATIVE NUMBERS.
R  INDICATES RECORD WAS SET OR TIED.
MM INDICATES DATA IS MISSING.
T  INDICATES TRACE AMOUNT.




$$
