448
CDUS44 KSJT 242227
CLISJT


CLIMATE REPORT
NATIONAL WEATHER SERVICE SAN ANGELO TX
526 PM CDT TUE APR 24 2018


...................................

...THE SAN ANGELO CLIMATE SUMMARY FOR APRIL 24 2018...
VALID TODAY AS OF 0500 PM LOCAL TIME.

CLIMATE NORMAL PERIOD 1981 TO 2010
CLIMATE RECORD PERIOD 1907 TO 2018


WEATHER ITEM   OBSERVED TIME   RECORD YEAR NORMAL DEPARTURE LAST
                VALUE   (LST)  VALUE       VALUE  FROM      YEAR
                                                  NORMAL
..................................................................
TEMPERATURE (F)
 TODAY
  MAXIMUM         94    354 PM 101    2002  83     11       89
  MINIMUM         50    601 AM  35    1995  54     -4       47
                                      1913
  AVERAGE         72                        68      4       68

PRECIPITATION (IN)
  TODAY            0.00          2.77 1938   0.05  -0.05     0.00
  MONTH TO DATE    0.09                      1.07  -0.98     1.46
  SINCE MAR 1      1.29                      2.57  -1.28     1.71
  SINCE JAN 1      2.66                      4.85  -2.19     4.42

SNOWFALL (IN)
  TODAY            0.0           0.0  2002   0.0    0.0      0.0
  MONTH TO DATE    0.0                       0.0    0.0       T
  SINCE NOV 1      T                         2.2   -2.2       T
  SINCE JUL 1      T                         2.2   -2.2       T

DEGREE DAYS
 HEATING
  TODAY            0                         2     -2        0
  MONTH TO DATE   85                        81      4       47
  SINCE MAR 1    236                       338   -102      167
  SINCE JUL 1   2074                      2299   -225     1491

 COOLING
  TODAY            7                         5      2        3
  MONTH TO DATE   72                        83    -11      119
  SINCE MAR 1    157                       116     41      236
  SINCE JAN 1    176                       121     55      263
..................................................................


WIND (MPH)
  HIGHEST WIND SPEED    16   HIGHEST WIND DIRECTION     S (170)
  HIGHEST GUST SPEED    23   HIGHEST GUST DIRECTION     S (180)
  AVERAGE WIND SPEED     5.7


SKY COVER
  POSSIBLE SUNSHINE  MM
  AVERAGE SKY COVER 0.0


WEATHER CONDITIONS
 THE FOLLOWING WEATHER WAS RECORDED TODAY.
  NO SIGNIFICANT WEATHER WAS OBSERVED.


RELATIVE HUMIDITY (PERCENT)
 HIGHEST    66           600 AM
 LOWEST     22           300 PM
 AVERAGE    44

..........................................................


THE SAN ANGELO CLIMATE NORMALS FOR TOMORROW
                         NORMAL    RECORD    YEAR
 MAXIMUM TEMPERATURE (F)   83       104      2012
 MINIMUM TEMPERATURE (F)   55        34      1913


SUNRISE AND SUNSET
APRIL 24 2018.........SUNRISE   704 AM CDT   SUNSET   817 PM CDT
APRIL 25 2018.........SUNRISE   703 AM CDT   SUNSET   817 PM CDT


-  INDICATES NEGATIVE NUMBERS.
R  INDICATES RECORD WAS SET OR TIED.
MM INDICATES DATA IS MISSING.
T  INDICATES TRACE AMOUNT.




$$
