074
CDUS45 KSLC 211227
CLISLC


CLIMATE REPORT
NATIONAL WEATHER SERVICE SALT LAKE CITY UT
627 AM MDT SAT APR 21 2018


...................................

...THE SALT LAKE CITY UT CLIMATE SUMMARY FOR APRIL 20 2018...

CLIMATE NORMAL PERIOD 1981 TO 2010
CLIMATE RECORD PERIOD 1874 TO 2018


WEATHER ITEM   OBSERVED TIME   RECORD YEAR NORMAL DEPARTURE LAST
                VALUE   (LST)  VALUE       VALUE  FROM      YEAR
                                                  NORMAL
..................................................................
TEMPERATURE (F)
 YESTERDAY
  MAXIMUM         64    528 PM  85    1989  63      1       56
                                      1980
  MINIMUM         45    146 AM  24    1982  40      5       43
  AVERAGE         55                        52      3       50

PRECIPITATION (IN)
  YESTERDAY        0.00          0.90 1932   0.06  -0.06     0.29
  MONTH TO DATE    1.18                      1.31  -0.13     2.18
  SINCE OCT 1      7.77                      9.98  -2.21    13.99
  SINCE JAN 1      5.64                      5.60   0.04     9.35

SNOWFALL (IN)
  YESTERDAY        0.0           5.4  1968   0.1   -0.1      0.0
  MONTH TO DATE    1.4                       3.2   -1.8      1.0
  SINCE OCT 1     43.5                      55.1  -11.6     51.3
  SINCE JUL 1     43.5                      55.1  -11.6     51.3
  SNOW DEPTH       0

DEGREE DAYS
 HEATING
  YESTERDAY       10                        14     -4       15
  MONTH TO DATE  250                       317    -67      269
  SINCE MAR 1    816                       979   -163      725
  SINCE JUL 1   4352                      5235   -883     4478

 COOLING
  YESTERDAY        0                         0      0        0
  MONTH TO DATE    0                         0      0        0
  SINCE MAR 1      0                         0      0        2
  SINCE JAN 1      0                         0      0        2
..................................................................


WIND (MPH)
  RESULTANT WIND SPEED   3   RESULTANT WIND DIRECTION  NW (320)
  HIGHEST WIND SPEED    24   HIGHEST WIND DIRECTION    NE (30)
  HIGHEST GUST SPEED    30   HIGHEST GUST DIRECTION    NE (30)
  AVERAGE WIND SPEED     8.5


SKY COVER
  POSSIBLE SUNSHINE  MM
  AVERAGE SKY COVER 0.6


WEATHER CONDITIONS
 THE FOLLOWING WEATHER WAS RECORDED YESTERDAY.
  NO SIGNIFICANT WEATHER WAS OBSERVED.


RELATIVE HUMIDITY (PERCENT)
 HIGHEST    70           200 AM
 LOWEST     32           600 PM
 AVERAGE    51

..........................................................


THE SALT LAKE CITY UT CLIMATE NORMALS FOR TODAY
                         NORMAL    RECORD    YEAR
 MAXIMUM TEMPERATURE (F)   63        85      1994
 MINIMUM TEMPERATURE (F)   41        22      1982


SUNRISE AND SUNSET
APRIL 21 2018.........SUNRISE   640 AM MDT   SUNSET   814 PM MDT
APRIL 22 2018.........SUNRISE   639 AM MDT   SUNSET   815 PM MDT


-  INDICATES NEGATIVE NUMBERS.
R  INDICATES RECORD WAS SET OR TIED.
MM INDICATES DATA IS MISSING.
T  INDICATES TRACE AMOUNT.




$$
