000
CDUS46 KLOX 260908
CLISMX


CLIMATE REPORT
NATIONAL WEATHER SERVICE LOS ANGELES/OXNARD CA
207 AM PDT THU APR 26 2018


...................................

...THE SANTA MARIA AIRPORT CA CLIMATE SUMMARY FOR APRIL 25 2018...
VALID TODAY AS OF 0200 AM LOCAL TIME.

CLIMATE NORMAL PERIOD 1981 TO 2010
CLIMATE RECORD PERIOD 1906 TO 2018


WEATHER ITEM   OBSERVED TIME   RECORD YEAR NORMAL DEPARTURE LAST
                VALUE   (LST)  VALUE       VALUE  FROM      YEAR
                                                  NORMAL
..................................................................
TEMPERATURE (F)
 TODAY
  MAXIMUM         66    119 PM  89    1996  68     -2       64
  MINIMUM         50    715 AM  33    1974  45      5       46
                                      1964
  AVERAGE         58                        56      2       55

PRECIPITATION (IN)
  TODAY            0.00          0.60 1963   0.03  -0.03     0.00
  MONTH TO DATE    0.41                      0.88  -0.47     1.18
  SINCE OCT 1      6.01                     13.31  -7.30    18.10
  SINCE JAN 1      5.89                      9.26  -3.37    13.30

SNOWFALL (IN)
  TODAY            0.0
  MONTH TO DATE    0.0
  SINCE MAR 1      0.0
  SINCE JUL 1      0.0

DEGREE DAYS
 HEATING
  TODAY            7                         9     -2
  MONTH TO DATE  163                       241    -78
  SINCE MAR 1    472                       581   -109
  SINCE JUL 1   1588                      2414   -826

 COOLING
  TODAY            0                         0      0
  MONTH TO DATE    7                         0      7
  SINCE MAR 1      7                         1      6
  SINCE JAN 1      7                         2      5
..................................................................


WIND (MPH)
  HIGHEST WIND SPEED    14   HIGHEST WIND DIRECTION    NW (320)
  HIGHEST GUST SPEED    17   HIGHEST GUST DIRECTION    NW (300)
  AVERAGE WIND SPEED     2.9


SKY COVER
  POSSIBLE SUNSHINE  MM
  AVERAGE SKY COVER 0.8


WEATHER CONDITIONS
 THE FOLLOWING WEATHER WAS RECORDED TODAY.
  FOG
  HAZE


RELATIVE HUMIDITY (PERCENT)
 HIGHEST    96           400 AM
 LOWEST     63           100 PM
 AVERAGE    80

..........................................................


THE SANTA MARIA AIRPORT CA CLIMATE NORMALS FOR TOMORROW
                         NORMAL    RECORD    YEAR
 MAXIMUM TEMPERATURE (F)   68       100      2004
 MINIMUM TEMPERATURE (F)   45        33      1984
                                             1975


SUNRISE AND SUNSET
APRIL 25 2018.........SUNRISE   618 AM PDT   SUNSET   742 PM PDT
APRIL 26 2018.........SUNRISE   616 AM PDT   SUNSET   743 PM PDT


-  INDICATES NEGATIVE NUMBERS.
R  INDICATES RECORD WAS SET OR TIED.
MM INDICATES DATA IS MISSING.
T  INDICATES TRACE AMOUNT.




$$
