000
CDUS46 KSGX 260021
CLISNA


CLIMATE REPORT
NATIONAL WEATHER SERVICE SAN DIEGO, CA
521 PM PDT WED APR 25 2018


...................................

...THE JOHN WAYNE AIRPORT CA CLIMATE SUMMARY FOR APRIL 25 2018...
VALID TODAY AS OF 0500 PM LOCAL TIME.

CLIMATE NORMAL PERIOD 1981 TO 2010
CLIMATE RECORD PERIOD 1999 TO 2018


WEATHER ITEM   OBSERVED TIME   RECORD YEAR NORMAL DEPARTURE LAST
                VALUE   (LST)  VALUE       VALUE  FROM      YEAR
                                                  NORMAL
..................................................................
TEMPERATURE (F)
 TODAY
  MAXIMUM         71    224 PM  84    2008  70      1       73
                                      2004
  MINIMUM         56    447 AM  53    2010  55      1       59
                                      2008
  AVERAGE         64                        62      2       66

PRECIPITATION (IN)
  TODAY            0.00          0.18 2012   0.03  -0.03     0.00
  MONTH TO DATE    0.05                      0.75  -0.70     0.04
  SINCE OCT 1      2.71                     12.59  -9.88    15.80
  SINCE JAN 1      2.70                      8.51  -5.81     9.61

DEGREE DAYS
 HEATING
  TODAY            1                         3     -2        0
  MONTH TO DATE   49                       106    -57       30
  SINCE MAR 1    195                       287    -92      114
  SINCE JUL 1    659                      1193   -534      855

 COOLING
  TODAY            0                         1     -1        1
  MONTH TO DATE   27                         7     20       30
  SINCE MAR 1     27                        14     13       38
  SINCE JAN 1     53                        22     31       38
..................................................................


WIND (MPH)
  RESULTANT WIND SPEED   4   RESULTANT WIND DIRECTION   S (190)
  HIGHEST WIND SPEED    13   HIGHEST WIND DIRECTION    SW (220)
  HIGHEST GUST SPEED    16   HIGHEST GUST DIRECTION    SW (220)
  AVERAGE WIND SPEED     5.4


SKY COVER
  POSSIBLE SUNSHINE  MM
  AVERAGE SKY COVER 0.6


WEATHER CONDITIONS
 THE FOLLOWING WEATHER WAS RECORDED TODAY.
  NO SIGNIFICANT WEATHER WAS OBSERVED.


RELATIVE HUMIDITY (PERCENT)
 HIGHEST    86          1200 AM
 LOWEST     55           200 PM
 AVERAGE    71

..........................................................


THE JOHN WAYNE AIRPORT CA CLIMATE NORMALS FOR TOMORROW
                         NORMAL    RECORD    YEAR
 MAXIMUM TEMPERATURE (F)   70        90      2004
 MINIMUM TEMPERATURE (F)   55        51      2009


SUNRISE AND SUNSET
APRIL 25 2018.........SUNRISE   609 AM PDT   SUNSET   730 PM PDT
APRIL 26 2018.........SUNRISE   608 AM PDT   SUNSET   731 PM PDT


-  INDICATES NEGATIVE NUMBERS.
R  INDICATES RECORD WAS SET OR TIED.
MM INDICATES DATA IS MISSING.
T  INDICATES TRACE AMOUNT.




$$
