000
CDAK48 PAFC 190048
CLISNP


CLIMATE REPORT
NATIONAL WEATHER SERVICE ANCHORAGE, AK
448 PM AKDT WED APR 18 2018


...................................

...THE SAINT PAUL ISLAND CLIMATE SUMMARY FOR APRIL 18 2018...
VALID TODAY AS OF 0400 PM LOCAL TIME.

CLIMATE NORMAL PERIOD 1981 TO 2010
CLIMATE RECORD PERIOD 1892 TO 2018


WEATHER ITEM   OBSERVED TIME   RECORD YEAR NORMAL DEPARTURE LAST
                VALUE   (LST)  VALUE       VALUE  FROM      YEAR
                                                  NORMAL
..................................................................
TEMPERATURE (F)
 TODAY
  MAXIMUM         41        MM  43    1978  34      7       35
  MINIMUM         35        MM   7    1960  26      9       26
  AVERAGE         38                        30      8       31

PRECIPITATION (IN)
  TODAY            T             0.19 1975   0.04  -0.04      T
  MONTH TO DATE    1.04                      0.65   0.39     0.86
  SINCE MAR 1      3.41                      1.72   1.69     0.96
  SINCE JAN 1      6.39                      4.60   1.79     4.05

SNOWFALL (IN)
  TODAY            0.0          MM      MM   0.1   -0.1       T
  MONTH TO DATE    T                         4.0   -4.0      0.2
  SINCE MAR 1      4.1                      12.0   -7.9      0.6
  SINCE JUL 1     14.6                      57.0  -42.4     48.8
  SNOW DEPTH       0

DEGREE DAYS
 HEATING
  TODAY           27                        35     -8       34
  MONTH TO DATE  542                       669   -127      621
  SINCE MAR 1   1517                      1914   -397     1830
  SINCE JUL 1   7512                      8831  -1319     7705

 COOLING
  TODAY            0                         0      0        0
  MONTH TO DATE    0                         0      0        0
  SINCE MAR 1      0                         0      0        0
  SINCE JAN 1      0                         0      0        0
..................................................................


WIND (MPH)
  RESULTANT WIND SPEED  15   RESULTANT WIND DIRECTION   E (70)
  HIGHEST WIND SPEED    21   HIGHEST WIND DIRECTION     E (70)
  HIGHEST GUST SPEED    24   HIGHEST GUST DIRECTION     E (70)
  AVERAGE WIND SPEED    14.6



WEATHER CONDITIONS
 THE FOLLOWING WEATHER WAS RECORDED TODAY.
  LIGHT RAIN
  FOG


..........................................................


THE SAINT PAUL ISLAND CLIMATE NORMALS FOR TOMORROW
                         NORMAL    RECORD    YEAR
 MAXIMUM TEMPERATURE (F)   34        43      2016
                                             1978
 MINIMUM TEMPERATURE (F)   26         6      1960


SUNRISE AND SUNSET
APRIL 18 2018.........SUNRISE   804 AM AKDT  SUNSET  1038 PM AKDT
APRIL 19 2018.........SUNRISE   801 AM AKDT  SUNSET  1040 PM AKDT


-  INDICATES NEGATIVE NUMBERS.
R  INDICATES RECORD WAS SET OR TIED.
MM INDICATES DATA IS MISSING.
T  INDICATES TRACE AMOUNT.




$$
