747
CDUS45 KPIH 230730
CLISNT


CLIMATE REPORT
NATIONAL WEATHER SERVICE POCATELLO ID
130 AM MDT MON APR 23 2018


...................................

...THE STANLEY ID CLIMATE SUMMARY FOR APRIL 22 2018...

CLIMATE NORMAL PERIOD 1981 TO 2010
CLIMATE RECORD PERIOD 1916 TO 2018


WEATHER ITEM   OBSERVED TIME   RECORD YEAR NORMAL DEPARTURE LAST
                VALUE   (LST)  VALUE       VALUE  FROM      YEAR
                                                  NORMAL
..................................................................
TEMPERATURE (F)
 YESTERDAY
  MAXIMUM         58    224 PM  73    2012  49      9       50
                                      1994
  MINIMUM         22    458 AM   1    2011  21      1       18
  AVERAGE         40                        35      5       34

PRECIPITATION (IN)
  YESTERDAY        0.00          0.33 2014   0.06  -0.06     0.00
  MONTH TO DATE    1.79                      1.26   0.53     1.61
  SINCE OCT 1     16.09                     11.23   4.86    25.07
  SINCE JAN 1      7.85                      6.38   1.47    13.74

SNOWFALL (IN)
  YESTERDAY       MM
  MONTH TO DATE   MM
  SINCE MAR 1     MM
  SINCE JUL 1     MM
  SNOW DEPTH      MM

DEGREE DAYS
 HEATING
  YESTERDAY       25                        30     -5       31
  MONTH TO DATE  675                       718    -43      707
  SINCE MAR 1   1895                      1902     -7     1712
  SINCE JUL 1   8540                      9436   -896     8969

 COOLING
  YESTERDAY        0                         0      0        0
  MONTH TO DATE    0                         0      0        0
  SINCE MAR 1      0                         0      0        0
  SINCE JAN 1      0                         0      0        0
..................................................................


WIND (MPH)
  HIGHEST WIND SPEED    15   HIGHEST WIND DIRECTION     W (280)
  HIGHEST GUST SPEED    21   HIGHEST GUST DIRECTION     W (270)
  AVERAGE WIND SPEED     2.3


SKY COVER
  POSSIBLE SUNSHINE  MM
  AVERAGE SKY COVER 0.0


WEATHER CONDITIONS
 THE FOLLOWING WEATHER WAS RECORDED YESTERDAY.
  NO SIGNIFICANT WEATHER WAS OBSERVED.


RELATIVE HUMIDITY (PERCENT)
 HIGHEST    88           700 AM
 LOWEST     30           200 PM
 AVERAGE    59

..........................................................


THE STANLEY ID CLIMATE NORMALS FOR TODAY
                         NORMAL    RECORD    YEAR
 MAXIMUM TEMPERATURE (F)   50        73      2012
 MINIMUM TEMPERATURE (F)   22         5      2011


SUNRISE AND SUNSET
APRIL 23 2018.........SUNRISE   643 AM MDT   SUNSET   834 PM MDT
APRIL 24 2018.........SUNRISE   641 AM MDT   SUNSET   835 PM MDT


-  INDICATES NEGATIVE NUMBERS.
R  INDICATES RECORD WAS SET OR TIED.
MM INDICATES DATA IS MISSING.
T  INDICATES TRACE AMOUNT.




$$
