000
CDUS44 KOUN 250637
CLISPS

CLIMATE REPORT
NATIONAL WEATHER SERVICE NORMAN OK
134 AM CDT FRI MAY 25 2018


...................................

...THE WICHITA FALLS CLIMATE SUMMARY FOR MAY 24 2018...

CLIMATE NORMAL PERIOD 1981 TO 2010
CLIMATE RECORD PERIOD 1897 TO 2018


WEATHER ITEM   OBSERVED TIME   RECORD YEAR NORMAL DEPARTURE LAST
                VALUE   (LST)  VALUE       VALUE  FROM      YEAR
                                                  NORMAL
..................................................................
TEMPERATURE (F)
 YESTERDAY
  MAXIMUM         89    442 PM 110    2000  86      3       80
  MINIMUM         65    434 AM  49    1924  62      3       50
  AVERAGE         77                        74      3       65

PRECIPITATION (IN)
  YESTERDAY        0.00          3.09 1907   0.13  -0.13     0.00
  MONTH TO DATE    4.22                      2.81   1.41     4.55
  SINCE MAR 1      8.55                      7.62   0.93     6.34
  SINCE JAN 1     11.41                     10.51   0.90    10.31

SNOWFALL (IN)
  YESTERDAY        0.0           0.0  2002   0.0    0.0      0.0
  MONTH TO DATE    0.0                       0.0    0.0      0.0
  SINCE MAR 1      0.0                       0.5   -0.5      0.0
  SINCE JUL 1      1.0                       3.9   -2.9       T

DEGREE DAYS
 HEATING
  YESTERDAY        0                         0      0        0
  MONTH TO DATE    0                        20    -20       13
  SINCE MAR 1    490                       519    -29      318
  SINCE JUL 1   2876                      2965    -89     2162

 COOLING
  YESTERDAY       12                         9      3        0
  MONTH TO DATE  246                       155     91      117
  SINCE MAR 1    319                       244     75      248
  SINCE JAN 1    328                       247     81      266
..................................................................


WIND (MPH)
  HIGHEST WIND SPEED    15   HIGHEST WIND DIRECTION    SE (130)
  HIGHEST GUST SPEED    22   HIGHEST GUST DIRECTION    SE (150)
  AVERAGE WIND SPEED     8.5


SKY COVER
  AVERAGE SKY COVER 0.2


WEATHER CONDITIONS
 THE FOLLOWING WEATHER WAS RECORDED YESTERDAY.
  NO SIGNIFICANT WEATHER WAS OBSERVED.


RELATIVE HUMIDITY (PERCENT)
 HIGHEST    93           500 AM
 LOWEST     47           400 PM
 AVERAGE    70

..........................................................


THE WICHITA FALLS CLIMATE NORMALS FOR TODAY
                         NORMAL    RECORD    YEAR
 MAXIMUM TEMPERATURE (F)   86       100      1984
 MINIMUM TEMPERATURE (F)   62        48      1947


SUNRISE AND SUNSET
MAY 25 2018...........SUNRISE   627 AM CDT   SUNSET   836 PM CDT
MAY 26 2018...........SUNRISE   626 AM CDT   SUNSET   836 PM CDT


-  INDICATES NEGATIVE NUMBERS.
R  INDICATES RECORD WAS SET OR TIED.
MM INDICATES DATA IS MISSING.
T  INDICATES TRACE AMOUNT.




$$
